{"id":16818,"date":"2025-06-23T15:24:23","date_gmt":"2025-06-23T13:24:23","guid":{"rendered":"https:\/\/iicbuenosaires.esteri.it\/news\/rassegna-stampa\/rassegna-stampa-2025-articulos-periodisticos-2025\/"},"modified":"2025-12-05T17:25:56","modified_gmt":"2025-12-05T16:25:56","slug":"rassegna-stampa-2025-articulos-periodisticos-2025","status":"publish","type":"page","link":"https:\/\/iicbuenosaires.esteri.it\/es\/news\/rassegna-stampa\/rassegna-stampa-2025-articulos-periodisticos-2025\/","title":{"rendered":"Rassegna stampa 2025 \/ Art\u00edculos period\u00edsticos 2025"},"content":{"rendered":"<p><a href=\"https:\/\/iicbuenosaires.esteri.it\/wp-content\/uploads\/2025\/12\/Rassegna-completa_compressed.pdf\">Art\u00edculos period\u00edsticos visita Paolo Sorrentino<\/a><\/p>\n<p><a href=\"https:\/\/www.clarin.com\/cultura\/veronica-raimo-debemos-aceptar-muerte-debemos-aceptar-fuerza-absurdo_0_yh7tcrM4Q3.html\">https:\/\/www.clarin.com\/cultura\/veronica-raimo-debemos-aceptar-muerte-debemos-aceptar-fuerza-absurdo_0_yh7tcrM4Q3.html<\/a><\/p>\n<p><a href=\"https:\/\/www.infobae.com\/cultura\/2025\/10\/27\/lorenzo-balbi-hay-que-tomar-distancia-de-los-museos-que-buscan-vender-muchas-entradas\/\">https:\/\/www.infobae.com\/cultura\/2025\/10\/27\/lorenzo-balbi-hay-que-tomar-distancia-de-los-museos-que-buscan-vender-muchas-entradas\/<\/a><\/p>\n<p><a href=\"https:\/\/iicbuenosaires.esteri.it\/wp-content\/uploads\/2025\/07\/La-italiana-Rossana-Tomassi-Golkar-brillo-en-el-Colon-Cultura-y-Moda-Ansa.it-20.07.25.pdf\">La italiana Rossana Tomassi Golkar brillo en el Colon &#8211; Ansa 20.07.25<\/a><\/p>\n<p><a href=\"https:\/\/iicbuenosaires.esteri.it\/wp-content\/uploads\/2025\/07\/articolo-stampa-ANSA_18.07.25-1.pdf\">Rossana Tomassi Golkar, M\u00fasica que llama a la paz -ANSA Latina 17.07.25<\/a><\/p>\n<p><a href=\"https:\/\/iicbuenosaires.esteri.it\/wp-content\/uploads\/2025\/07\/Un-seleccionado-nacional-con-los-mejores-artistas-sub-35-LA-NACION-02.07.2025.pdf\">Un seleccionado nacional con los mejores artistas sub 35 &#8211; LA NACION 02\/07\/2025<\/a><\/p>\n<p><a href=\"https:\/\/iicbuenosaires.esteri.it\/wp-content\/uploads\/2025\/07\/La-migracion-italiana-en-el-teatro-argentino-Cultura-y-Moda-Ansa.it-10.06.2025.pdf\">La migraci\u00f3n italiana en el teatro argentino &#8211; Cultura y Moda &#8211; Ansa.it 10\/06\/2025<\/a><\/p>\n<p><a href=\"https:\/\/iicbuenosaires.esteri.it\/wp-content\/uploads\/2025\/06\/El-Embajador-Lucentini-en-la-apertura-de-una-muestra-artistica-Ultimas-noticias-Ansa.it-26.06.2025.pdf\">El Embajador Lucentini en la apertura de una muestra art\u00edstica &#8211; \u00daltimas noticias &#8211; Ansa.it 26\/06\/2025<\/a><\/p>\n<p><a href=\"https:\/\/iicbuenosaires.esteri.it\/wp-content\/uploads\/2025\/06\/Claudia-Brignone-un-filme-con-reflexiones-sobre-el-embarazo-Cultura-y-Moda-Ansa.it-21.06.2025.pdf\">Claudia Brignone, un filme con reflexiones sobre el embarazo &#8211; Cultura y Moda &#8211; Ansa.it- 21\/06\/2025<\/a><\/p>\n<p><a href=\"https:\/\/iicbuenosaires.esteri.it\/wp-content\/uploads\/2025\/06\/Pintura-de-Italia-de-actualidad-en-una-magica-exhibicion-en-Buenos-Aires-Cultura-y-Moda-Ansa.it-16.06.2025.pdf\">Pintura de Italia de actualidad en una m\u00e1gica exhibici\u00f3n en Buenos Aires &#8211; Cultura y Moda &#8211; Ansa.it &#8211; 16\/06\/2025<\/a><\/p>\n<p><a href=\"https:\/\/iicbuenosaires.esteri.it\/wp-content\/uploads\/2025\/06\/Erri-de-Luca_-El-escritor-puede-ser-un-instrumento-de-la-voz-de-los-demas-Tiempo-Argentino-12.05.2025.pdf\">Erri de Luca \u201cEl escritor puede ser un instrumento de la voz de los dem\u00e1s\u201d &#8211; Tiempo Argentino -12\/05\/2025<\/a><\/p>\n<p><a href=\"https:\/\/iicbuenosaires.esteri.it\/wp-content\/uploads\/2025\/06\/La-edad-experimental_-Erri-de-Luca-y-un-relato-luminoso-sobre-la-vejez-elDiarioAR.com-10.05.2025.pdf\">La edad experimental Erri de Luca y un relato luminoso sobre la vejez &#8211; elDiarioAR.com -10\/05\/2025<\/a><\/p>\n<p><a href=\"https:\/\/iicbuenosaires.esteri.it\/wp-content\/uploads\/2025\/06\/Erri-De-Luca_-_La-fuerza-motriz-del-mundo-es-la-desesperacion_-_-Se-presentara-manana-en-la-Feria-del-Libro-_-Pagina_12-04.05.2025.pdf\">Erri De Luca La fuerza motriz del mundo es la desesperaci\u00f3n Se presentar\u00e1 ma\u00f1ana en la Feria del Libro \u2013 P\u00e1gina 12 \u2013 04\/05\/2025<\/a><\/p>\n<p><a href=\"https:\/\/iicbuenosaires.esteri.it\/wp-content\/uploads\/2025\/06\/Los-elegidos-del-domingo-4-de-mayo-LA-NACION-04.05.2025.pdf\">Los elegidos del domingo 4 de mayo &#8211; LA NACION \u2013 04\/05\/2025<\/a><\/p>\n<p><a href=\"https:\/\/iicbuenosaires.esteri.it\/wp-content\/uploads\/2025\/06\/Erri-De-Luca_-Sigo-escribiendo-porque-asi-me-hago-compania-Infobae-04.05.2025.pdf\">Erri De Luca \u201cSigo escribiendo porque as\u00ed me hago compa\u00f1\u00eda\u201d &#8211; Infobae \u2013 04\/05\/2025<\/a><\/p>\n","protected":false},"excerpt":{"rendered":"Art\u00edculos period\u00edsticos visita Paolo Sorrentino https:\/\/www.clarin.com\/cultura\/veronica-raimo-debemos-aceptar-muerte-debemos-aceptar-fuerza-absurdo_0_yh7tcrM4Q3.html https:\/\/www.infobae.com\/cultura\/2025\/10\/27\/lorenzo-balbi-hay-que-tomar-distancia-de-los-museos-que-buscan-vender-muchas-entradas\/ La italiana Rossana Tomassi Golkar brillo en el Colon &#8211; Ansa 20.07.25 Rossana Tomassi Golkar, M\u00fasica que llama a la paz -ANSA Latina 17.07.25 Un seleccionado nacional con los mejores artistas sub 35 &#8211; LA NACION 02\/07\/2025 La migraci\u00f3n italiana en el teatro argentino &#8211; Cultura y Moda [&hellip;]","protected":false},"author":3,"featured_media":0,"parent":12006,"menu_order":2,"comment_status":"closed","ping_status":"closed","template":"","meta":{"footnotes":""},"class_list":["post-16818","page","type-page","status-publish","hentry"],"_links":{"self":[{"href":"https:\/\/iicbuenosaires.esteri.it\/es\/wp-json\/wp\/v2\/pages\/16818","targetHints":{"allow":["GET"]}}],"collection":[{"href":"https:\/\/iicbuenosaires.esteri.it\/es\/wp-json\/wp\/v2\/pages"}],"about":[{"href":"https:\/\/iicbuenosaires.esteri.it\/es\/wp-json\/wp\/v2\/types\/page"}],"author":[{"embeddable":true,"href":"https:\/\/iicbuenosaires.esteri.it\/es\/wp-json\/wp\/v2\/users\/3"}],"replies":[{"embeddable":true,"href":"https:\/\/iicbuenosaires.esteri.it\/es\/wp-json\/wp\/v2\/comments?post=16818"}],"version-history":[{"count":6,"href":"https:\/\/iicbuenosaires.esteri.it\/es\/wp-json\/wp\/v2\/pages\/16818\/revisions"}],"predecessor-version":[{"id":20539,"href":"https:\/\/iicbuenosaires.esteri.it\/es\/wp-json\/wp\/v2\/pages\/16818\/revisions\/20539"}],"up":[{"embeddable":true,"href":"https:\/\/iicbuenosaires.esteri.it\/es\/wp-json\/wp\/v2\/pages\/12006"}],"wp:attachment":[{"href":"https:\/\/iicbuenosaires.esteri.it\/es\/wp-json\/wp\/v2\/media?parent=16818"}],"curies":[{"name":"wp","href":"https:\/\/api.w.org\/{rel}","templated":true}]}}

Rassegna stampa 2025 / Artículos periodísticos 2025

<p><a href="https://iicbuenosaires.esteri.it/wp-content/uploads/2025/12/Rassegna-completa_compressed.pdf">Artículos periodísticos visita Paolo Sorrentino</a></p>
<p><a href="https://www.clarin.com/cultura/veronica-raimo-debemos-aceptar-muerte-debemos-aceptar-fuerza-absurdo_0_yh7tcrM4Q3.html">https://www.clarin.com/cultura/veronica-raimo-debemos-aceptar-muerte-debemos-aceptar-fuerza-absurdo_0_yh7tcrM4Q3.html</a></p>
<p><a href="https://www.infobae.com/cultura/2025/10/27/lorenzo-balbi-hay-que-tomar-distancia-de-los-museos-que-buscan-vender-muchas-entradas/">https://www.infobae.com/cultura/2025/10/27/lorenzo-balbi-hay-que-tomar-distancia-de-los-museos-que-buscan-vender-muchas-entradas/</a></p>
<p><a href="https://iicbuenosaires.esteri.it/wp-content/uploads/2025/07/La-italiana-Rossana-Tomassi-Golkar-brillo-en-el-Colon-Cultura-y-Moda-Ansa.it-20.07.25.pdf">La italiana Rossana Tomassi Golkar brillo en el Colon &#8211; Ansa 20.07.25</a></p>
<p><a href="https://iicbuenosaires.esteri.it/wp-content/uploads/2025/07/articolo-stampa-ANSA_18.07.25-1.pdf">Rossana Tomassi Golkar, Música que llama a la paz -ANSA Latina 17.07.25</a></p>
<p><a href="https://iicbuenosaires.esteri.it/wp-content/uploads/2025/07/Un-seleccionado-nacional-con-los-mejores-artistas-sub-35-LA-NACION-02.07.2025.pdf">Un seleccionado nacional con los mejores artistas sub 35 &#8211; LA NACION 02/07/2025</a></p>
<p><a href="https://iicbuenosaires.esteri.it/wp-content/uploads/2025/07/La-migracion-italiana-en-el-teatro-argentino-Cultura-y-Moda-Ansa.it-10.06.2025.pdf">La migración italiana en el teatro argentino &#8211; Cultura y Moda &#8211; Ansa.it 10/06/2025</a></p>
<p><a href="https://iicbuenosaires.esteri.it/wp-content/uploads/2025/06/El-Embajador-Lucentini-en-la-apertura-de-una-muestra-artistica-Ultimas-noticias-Ansa.it-26.06.2025.pdf">El Embajador Lucentini en la apertura de una muestra artística &#8211; Últimas noticias &#8211; Ansa.it 26/06/2025</a></p>
<p><a href="https://iicbuenosaires.esteri.it/wp-content/uploads/2025/06/Claudia-Brignone-un-filme-con-reflexiones-sobre-el-embarazo-Cultura-y-Moda-Ansa.it-21.06.2025.pdf">Claudia Brignone, un filme con reflexiones sobre el embarazo &#8211; Cultura y Moda &#8211; Ansa.it- 21/06/2025</a></p>
<p><a href="https://iicbuenosaires.esteri.it/wp-content/uploads/2025/06/Pintura-de-Italia-de-actualidad-en-una-magica-exhibicion-en-Buenos-Aires-Cultura-y-Moda-Ansa.it-16.06.2025.pdf">Pintura de Italia de actualidad en una mágica exhibición en Buenos Aires &#8211; Cultura y Moda &#8211; Ansa.it &#8211; 16/06/2025</a></p>
<p><a href="https://iicbuenosaires.esteri.it/wp-content/uploads/2025/06/Erri-de-Luca_-El-escritor-puede-ser-un-instrumento-de-la-voz-de-los-demas-Tiempo-Argentino-12.05.2025.pdf">Erri de Luca “El escritor puede ser un instrumento de la voz de los demás” &#8211; Tiempo Argentino -12/05/2025</a></p>
<p><a href="https://iicbuenosaires.esteri.it/wp-content/uploads/2025/06/La-edad-experimental_-Erri-de-Luca-y-un-relato-luminoso-sobre-la-vejez-elDiarioAR.com-10.05.2025.pdf">La edad experimental Erri de Luca y un relato luminoso sobre la vejez &#8211; elDiarioAR.com -10/05/2025</a></p>
<p><a href="https://iicbuenosaires.esteri.it/wp-content/uploads/2025/06/Erri-De-Luca_-_La-fuerza-motriz-del-mundo-es-la-desesperacion_-_-Se-presentara-manana-en-la-Feria-del-Libro-_-Pagina_12-04.05.2025.pdf">Erri De Luca La fuerza motriz del mundo es la desesperación Se presentará mañana en la Feria del Libro – Página 12 – 04/05/2025</a></p>
<p><a href="https://iicbuenosaires.esteri.it/wp-content/uploads/2025/06/Los-elegidos-del-domingo-4-de-mayo-LA-NACION-04.05.2025.pdf">Los elegidos del domingo 4 de mayo &#8211; LA NACION – 04/05/2025</a></p>
<p><a href="https://iicbuenosaires.esteri.it/wp-content/uploads/2025/06/Erri-De-Luca_-Sigo-escribiendo-porque-asi-me-hago-compania-Infobae-04.05.2025.pdf">Erri De Luca “Sigo escribiendo porque así me hago compañía” &#8211; Infobae – 04/05/2025</a></p>

Artículos periodísticos visita Paolo Sorrentino https://www.clarin.com/cultura/veronica-raimo-debemos-aceptar-muerte-debemos-aceptar-fuerza-absurdo_0_yh7tcrM4Q3.html https://www.infobae.com/cultura/2025/10/27/lorenzo-balbi-hay-que-tomar-distancia-de-los-museos-que-buscan-vender-muchas-entradas/ La italiana Rossana Tomassi Golkar brillo en el Colon &#8211; Ansa 20.07.25 Rossana Tomassi Golkar, Música que llama a la paz -ANSA Latina 17.07.25 Un seleccionado nacional con los mejores artistas sub 35 &#8211; LA NACION 02/07/2025 La migración italiana en el teatro argentino &#8211; Cultura y Moda [&hellip;]
