{"id":73,"date":"2023-04-03T20:31:30","date_gmt":"2023-04-03T18:31:30","guid":{"rendered":"https:\/\/iicbuenosaires.esteri.it\/gli_eventi\/"},"modified":"2023-08-24T12:31:44","modified_gmt":"2023-08-24T10:31:44","slug":"gli_eventi","status":"publish","type":"page","link":"https:\/\/iicbuenosaires.esteri.it\/es\/gli_eventi\/","title":{"rendered":"Eventos"},"content":{"rendered":"        <div class=\"row\">\n\t\t\t<!-- Ricerca sedi post -->\n\t\t\t<div class=\"col-12 mt-4\">\n\t\t\t  <div class=\"callout callout-highlight note ricerca-esteri p-4\">\n                    <div class=\"callout-title\">\n                        <svg class=\"icon\">\n                            <use xlink:href=\"https:\/\/iicbuenosaires.esteri.it\/wp-content\/themes\/sedi-tema\/assets\/svg\/sprites.svg#it-search\"><\/use>\n                        <\/svg>Introduzca sus par\u00e1metros de b\u00fasqueda                    <\/div>\n                    <form id=\"searchFormPost\" name=\"form-search-post\" class=\"form-row align-items-center\" action=\"https:\/\/iicbuenosaires.esteri.it\/es\/wp-json\/wp\/v2\/pages\/73\/\" method=\"GET\"> \n                        <!-- <div class=\"form-group pt-5\"> -->\n                            <!-- <input type=\"hidden\" id=\"lang\" name=\"lang\" value=\"\"> --> <!-- <\/div> -->\n\n                        <div class=\"it-datepicker-wrapper\">\n                            <div class=\"row\">\n                                <div class=\"form-group col-md-6\">\n                                    <label class=\"active\" for=\"date-init\">Desde el<\/label>\n                                    <input class=\"form-control\" name=\"date-init\" id=\"date-init\" type=\"date\" placeholder=\"gg\/mm\/aaaa\" value=\"\"lang=\"en-EN\">  \n                                <\/div>\n                                <div class=\"form-group col-md-6\">\n                                    <label class=\"active\" for=\"date-end\">Hasta el<\/label>\n                                    <input class=\"form-control\" name=\"date-end\" id=\"date-end\" type=\"date\" placeholder=\"gg\/mm\/aaaa\" value=\"\">\n                                <\/div>\n                            <\/div>\n                        <\/div>\n                        <div class=\"form-group col-md-12 mt-3\">\n                            <label for=\"searchText\">Campo de b\u00fasqueda libre<\/label>\n                            <input type=\"text\" name=\"searchText\" class=\"form-control\" id=\"searchText\" value=\"\">\n                        <\/div>\n                        <div class=\"form-group col-md-4 offset-md-8 text-end\">\n                            <a href=\"https:\/\/iicbuenosaires.esteri.it\/es\/gli_eventi\/\" title=\"Form reset\" id=\"resetImput\" class=\"btn btn-outline-primary btn-xs\">Reset<\/a>\n                            <button type=\"submit\" class=\"btn btn-primary btn-xs\">Mostrar resultados<\/button>\n                        <\/div>\n                    <\/form>\n\t\t\t\t<\/div>\n\t\t\t<\/div>\n\t\t<\/div>\n                    \n            <div class=\"row\">\n                            <div class=\"col-12 mt-3\">\n                <!--start card-->\n                <div class=\"card-wrapper card-space\">\n                    <div class=\"card card-bg card-big border-bottom-card\">\n                        <div class=\"card-body row\">\n                                                    <div class=\"col-sm-3\">\n                                <div class=\"img-responsive\">\n                                    <figure class=\"img-wrapper\">\n                                        <a href=\"https:\/\/iicbuenosaires.esteri.it\/es\/gli_eventi\/calendario\/la-12a-settimana-del-cinema-italiano-arriva-a-buenos-aires\/\" title=\"Leer el art\u00edculo: La 12\u00aa Settimana del Cinema Italiano llega a Buenos Aires\">\n                                                                                            <img loading=\"lazy\" decoding=\"async\" width=\"240\" height=\"300\" src=\"https:\/\/iicbuenosaires.esteri.it\/wp-content\/uploads\/2026\/08\/WhatsApp-Image-2026-08-24-at-11.24.40-240x300.jpeg\" srcset=\"https:\/\/iicbuenosaires.esteri.it\/wp-content\/uploads\/2026\/08\/WhatsApp-Image-2026-08-24-at-11.24.40.jpeg 1080w, https:\/\/iicbuenosaires.esteri.it\/wp-content\/uploads\/2026\/08\/WhatsApp-Image-2026-08-24-at-11.24.40-240x300.jpeg 240w, https:\/\/iicbuenosaires.esteri.it\/wp-content\/uploads\/2026\/08\/WhatsApp-Image-2026-08-24-at-11.24.40-819x1024.jpeg 819w, https:\/\/iicbuenosaires.esteri.it\/wp-content\/uploads\/2026\/08\/WhatsApp-Image-2026-08-24-at-11.24.40-768x960.jpeg 768w\" sizes=\"auto, (max-width: 1080px) 100vw, 1080px\"  title=\"WhatsApp Image 2026-08-24 at 11.24.40\" alt=\"\" class=\"img-fluid\">\n                                                                                    <\/a>\n                                    <\/figure>\n                                <\/div>\n                            <\/div>\n                            <div class=\"col-sm-9\">\n                                                            <div class=\"category-top\">\n                                    <span class=\"fw-bold \"><\/span>                                                                        <span class=\"\">\n                                        <svg class=\"icon icon-secondary\">\n                                            <use xlink:href=\"https:\/\/iicbuenosaires.esteri.it\/wp-content\/themes\/sedi-tema\/assets\/svg\/sprites.svg#it-calendar\"><\/use>\n                                        <\/svg> Jue Sep 03 2026<svg class=\"icon icon-xs icon-secondary me-1 ms-1\"><use href=\"https:\/\/iicbuenosaires.esteri.it\/wp-content\/themes\/sedi-tema\/assets\/svg\/sprites.svg#it-arrow-right\"><\/use><\/svg>Mi\u00e9 Sep 09 2026                                    <\/span>\n                                                                    <\/div>\n                            <h5 class=\"card-title big-heading text-uppercase\"><a class=\"text-body text-decoration-none\" href=\"https:\/\/iicbuenosaires.esteri.it\/es\/gli_eventi\/calendario\/la-12a-settimana-del-cinema-italiano-arriva-a-buenos-aires\/\" title=\"La 12\u00aa Settimana del Cinema Italiano llega a Buenos Aires\">La 12\u00aa Settimana del Cinema Italiano llega a Buenos Aires<\/a><\/h5>\n                            <p class=\"card-text\">Del 3 al 9 de septiembre, el Istituto Italiano di Cultura de Buenos Aires presenta una nueva edici\u00f3n de la Semana de Cine Italiano, en colaboraci\u00f3n con Cinecitt\u00e0, el Ministerio de Cultura Italiano, la Embajada de Italia, ICE \u2013 Agencia Italiana para el Comercio Exterior y Cin\u00e9polis Recoleta. Del jueves 3 al mi\u00e9rcoles 9 de [&hellip;]<\/p>\n                                <a title=\"La 12\u00aa Settimana del Cinema Italiano llega a Buenos Aires\" class=\"read-more\" href=\"https:\/\/iicbuenosaires.esteri.it\/es\/gli_eventi\/calendario\/la-12a-settimana-del-cinema-italiano-arriva-a-buenos-aires\/\">\n                                    <span class=\"text\">Lee mas<\/span>\n                                    <svg class=\"icon\">\n                                    <use xlink:href=\"https:\/\/iicbuenosaires.esteri.it\/wp-content\/themes\/sedi-tema\/assets\/svg\/sprites.svg#it-arrow-right\"><\/use>\n                                    <\/svg>\n                                <\/a>\n                                                        <\/div>\n                                                    <\/div>\n                    <\/div>\n                <\/div>\n                <!--end card-->\n                <\/div><!-- col-12 .mt-3-->\n                            <div class=\"col-12 mt-3\">\n                <!--start card-->\n                <div class=\"card-wrapper card-space\">\n                    <div class=\"card card-bg card-big border-bottom-card\">\n                        <div class=\"card-body row\">\n                                                    <div class=\"col-sm-3\">\n                                <div class=\"img-responsive\">\n                                    <figure class=\"img-wrapper\">\n                                        <a href=\"https:\/\/iicbuenosaires.esteri.it\/es\/gli_eventi\/calendario\/lectura-dantis-infierno-18\/\" title=\"Leer el art\u00edculo: LECTURA DANTIS: Infierno\">\n                                                                                            <img loading=\"lazy\" decoding=\"async\" width=\"240\" height=\"300\" src=\"https:\/\/iicbuenosaires.esteri.it\/wp-content\/uploads\/2026\/08\/03.09-Lectura-Dantis-grafica-240x300.jpg\" srcset=\"https:\/\/iicbuenosaires.esteri.it\/wp-content\/uploads\/2026\/08\/03.09-Lectura-Dantis-grafica.jpg 1080w, https:\/\/iicbuenosaires.esteri.it\/wp-content\/uploads\/2026\/08\/03.09-Lectura-Dantis-grafica-240x300.jpg 240w, https:\/\/iicbuenosaires.esteri.it\/wp-content\/uploads\/2026\/08\/03.09-Lectura-Dantis-grafica-819x1024.jpg 819w, https:\/\/iicbuenosaires.esteri.it\/wp-content\/uploads\/2026\/08\/03.09-Lectura-Dantis-grafica-768x960.jpg 768w\" sizes=\"auto, (max-width: 1080px) 100vw, 1080px\"  title=\"03.09 Lectura Dantis grafica\" alt=\"\" class=\"img-fluid\">\n                                                                                    <\/a>\n                                    <\/figure>\n                                <\/div>\n                            <\/div>\n                            <div class=\"col-sm-9\">\n                                                            <div class=\"category-top\">\n                                    <span class=\"fw-bold \"><\/span>                                                                        <span class=\"\">\n                                        <svg class=\"icon icon-secondary\">\n                                            <use xlink:href=\"https:\/\/iicbuenosaires.esteri.it\/wp-content\/themes\/sedi-tema\/assets\/svg\/sprites.svg#it-calendar\"><\/use>\n                                        <\/svg> Jue Sep 03 2026                                    <\/span>\n                                                                    <\/div>\n                            <h5 class=\"card-title big-heading text-uppercase\"><a class=\"text-body text-decoration-none\" href=\"https:\/\/iicbuenosaires.esteri.it\/es\/gli_eventi\/calendario\/lectura-dantis-infierno-18\/\" title=\"LECTURA DANTIS: Infierno\">LECTURA DANTIS: Infierno<\/a><\/h5>\n                            <p class=\"card-text\">LECTURA DANTIS en italiano a cargo de la Prof. Claudia Fern\u00e1ndez, quien este a\u00f1o ilustrar\u00e1 y comentar\u00e1 el Infierno, la primera c\u00e1ntiga de la Divina Commedia. D\u00eda: Jueves 3 de septiembre 14 hs Lugar: Sala Benedetto Croce IIC &#8211; Marcelo T. de Alvear 3er piso Infierno XX Cuarto foso: los adivinos. Desaz\u00f3n de Dante y [&hellip;]<\/p>\n                                <a title=\"LECTURA DANTIS: Infierno\" class=\"read-more\" href=\"https:\/\/iicbuenosaires.esteri.it\/es\/gli_eventi\/calendario\/lectura-dantis-infierno-18\/\">\n                                    <span class=\"text\">Lee mas<\/span>\n                                    <svg class=\"icon\">\n                                    <use xlink:href=\"https:\/\/iicbuenosaires.esteri.it\/wp-content\/themes\/sedi-tema\/assets\/svg\/sprites.svg#it-arrow-right\"><\/use>\n                                    <\/svg>\n                                <\/a>\n                                                        <\/div>\n                                                    <\/div>\n                    <\/div>\n                <\/div>\n                <!--end card-->\n                <\/div><!-- col-12 .mt-3-->\n            \n            <div class=\"col-md-12 mt-4 pb-4\">\n                <nav class=\"navigation col-md-12\" aria-label=\"Navigation\">\n                    <h2 class=\"screen-reader-text visually-hidden\">Paginaci\u00f3n<\/h2>\n                    <div class=\"nav-links\">\n                                        <\/div>\n                <\/nav>\n            <\/div>   <!--.col-md-12 -->\n              <\/div><!--.row -->\n              \n","protected":false},"excerpt":{"rendered":"","protected":false},"author":1,"featured_media":0,"parent":0,"menu_order":6,"comment_status":"closed","ping_status":"closed","template":"","meta":{"footnotes":""},"class_list":["post-73","page","type-page","status-publish","hentry"],"_links":{"self":[{"href":"https:\/\/iicbuenosaires.esteri.it\/es\/wp-json\/wp\/v2\/pages\/73","targetHints":{"allow":["GET"]}}],"collection":[{"href":"https:\/\/iicbuenosaires.esteri.it\/es\/wp-json\/wp\/v2\/pages"}],"about":[{"href":"https:\/\/iicbuenosaires.esteri.it\/es\/wp-json\/wp\/v2\/types\/page"}],"author":[{"embeddable":true,"href":"https:\/\/iicbuenosaires.esteri.it\/es\/wp-json\/wp\/v2\/users\/1"}],"replies":[{"embeddable":true,"href":"https:\/\/iicbuenosaires.esteri.it\/es\/wp-json\/wp\/v2\/comments?post=73"}],"version-history":[{"count":1,"href":"https:\/\/iicbuenosaires.esteri.it\/es\/wp-json\/wp\/v2\/pages\/73\/revisions"}],"predecessor-version":[{"id":116,"href":"https:\/\/iicbuenosaires.esteri.it\/es\/wp-json\/wp\/v2\/pages\/73\/revisions\/116"}],"wp:attachment":[{"href":"https:\/\/iicbuenosaires.esteri.it\/es\/wp-json\/wp\/v2\/media?parent=73"}],"curies":[{"name":"wp","href":"https:\/\/api.w.org\/{rel}","templated":true}]}}

<div class="row">
			<!-- Ricerca sedi post -->
			<div class="col-12 mt-4">
			  <div class="callout callout-highlight note ricerca-esteri p-4">
                    <div class="callout-title">
                        <svg class="icon">
                            <use xlink:href="https://iicbuenosaires.esteri.it/wp-content/themes/sedi-tema/assets/svg/sprites.svg#it-search"></use>
                        </svg>Introduzca sus parámetros de búsqueda                    </div>
                    <form id="searchFormPost" name="form-search-post" class="form-row align-items-center" action="https://iicbuenosaires.esteri.it/es/wp-json/wp/v2/pages/73/" method="GET"> 
                        <!-- <div class="form-group pt-5"> -->
                            <!-- <input type="hidden" id="lang" name="lang" value=""> --> <!-- </div> -->

                        <div class="it-datepicker-wrapper">
                            <div class="row">
                                <div class="form-group col-md-6">
                                    <label class="active" for="date-init">Desde el</label>
                                    <input class="form-control" name="date-init" id="date-init" type="date" placeholder="gg/mm/aaaa" value=""lang="en-EN">  
                                </div>
                                <div class="form-group col-md-6">
                                    <label class="active" for="date-end">Hasta el</label>
                                    <input class="form-control" name="date-end" id="date-end" type="date" placeholder="gg/mm/aaaa" value="">
                                </div>
                            </div>
                        </div>
                        <div class="form-group col-md-12 mt-3">
                            <label for="searchText">Campo de búsqueda libre</label>
                            <input type="text" name="searchText" class="form-control" id="searchText" value="">
                        </div>
                        <div class="form-group col-md-4 offset-md-8 text-end">
                            <a href="https://iicbuenosaires.esteri.it/es/gli_eventi/" title="Form reset" id="resetImput" class="btn btn-outline-primary btn-xs">Reset</a>
                            <button type="submit" class="btn btn-primary btn-xs">Mostrar resultados</button>
                        </div>
                    </form>
				</div>
			</div>
		</div>
                    
            <div class="row">
                            <div class="col-12 mt-3">
                <!--start card-->
                <div class="card-wrapper card-space">
                    <div class="card card-bg card-big border-bottom-card">
                        <div class="card-body row">
                                                    <div class="col-sm-3">
                                <div class="img-responsive">
                                    <figure class="img-wrapper">
                                        <a href="https://iicbuenosaires.esteri.it/es/gli_eventi/calendario/la-12a-settimana-del-cinema-italiano-arriva-a-buenos-aires/" title="Leer el artículo: La 12ª Settimana del Cinema Italiano llega a Buenos Aires">
                                                                                            <img loading="lazy" decoding="async" width="240" height="300" src="https://iicbuenosaires.esteri.it/wp-content/uploads/2026/08/WhatsApp-Image-2026-08-24-at-11.24.40-240x300.jpeg" srcset="https://iicbuenosaires.esteri.it/wp-content/uploads/2026/08/WhatsApp-Image-2026-08-24-at-11.24.40.jpeg 1080w, https://iicbuenosaires.esteri.it/wp-content/uploads/2026/08/WhatsApp-Image-2026-08-24-at-11.24.40-240x300.jpeg 240w, https://iicbuenosaires.esteri.it/wp-content/uploads/2026/08/WhatsApp-Image-2026-08-24-at-11.24.40-819x1024.jpeg 819w, https://iicbuenosaires.esteri.it/wp-content/uploads/2026/08/WhatsApp-Image-2026-08-24-at-11.24.40-768x960.jpeg 768w" sizes="auto, (max-width: 1080px) 100vw, 1080px"  title="WhatsApp Image 2026-08-24 at 11.24.40" alt="" class="img-fluid">
                                                                                    </a>
                                    </figure>
                                </div>
                            </div>
                            <div class="col-sm-9">
                                                            <div class="category-top">
                                    <span class="fw-bold "></span>                                                                        <span class="">
                                        <svg class="icon icon-secondary">
                                            <use xlink:href="https://iicbuenosaires.esteri.it/wp-content/themes/sedi-tema/assets/svg/sprites.svg#it-calendar"></use>
                                        </svg> Jue Sep 03 2026<svg class="icon icon-xs icon-secondary me-1 ms-1"><use href="https://iicbuenosaires.esteri.it/wp-content/themes/sedi-tema/assets/svg/sprites.svg#it-arrow-right"></use></svg>Mié Sep 09 2026                                    </span>
                                                                    </div>
                            <h5 class="card-title big-heading text-uppercase"><a class="text-body text-decoration-none" href="https://iicbuenosaires.esteri.it/es/gli_eventi/calendario/la-12a-settimana-del-cinema-italiano-arriva-a-buenos-aires/" title="La 12ª Settimana del Cinema Italiano llega a Buenos Aires">La 12ª Settimana del Cinema Italiano llega a Buenos Aires</a></h5>
                            <p class="card-text">Del 3 al 9 de septiembre, el Istituto Italiano di Cultura de Buenos Aires presenta una nueva edición de la Semana de Cine Italiano, en colaboración con Cinecittà, el Ministerio de Cultura Italiano, la Embajada de Italia, ICE – Agencia Italiana para el Comercio Exterior y Cinépolis Recoleta. Del jueves 3 al miércoles 9 de [&hellip;]</p>
                                <a title="La 12ª Settimana del Cinema Italiano llega a Buenos Aires" class="read-more" href="https://iicbuenosaires.esteri.it/es/gli_eventi/calendario/la-12a-settimana-del-cinema-italiano-arriva-a-buenos-aires/">
                                    <span class="text">Lee mas</span>
                                    <svg class="icon">
                                    <use xlink:href="https://iicbuenosaires.esteri.it/wp-content/themes/sedi-tema/assets/svg/sprites.svg#it-arrow-right"></use>
                                    </svg>
                                </a>
                                                        </div>
                                                    </div>
                    </div>
                </div>
                <!--end card-->
                </div><!-- col-12 .mt-3-->
                            <div class="col-12 mt-3">
                <!--start card-->
                <div class="card-wrapper card-space">
                    <div class="card card-bg card-big border-bottom-card">
                        <div class="card-body row">
                                                    <div class="col-sm-3">
                                <div class="img-responsive">
                                    <figure class="img-wrapper">
                                        <a href="https://iicbuenosaires.esteri.it/es/gli_eventi/calendario/lectura-dantis-infierno-18/" title="Leer el artículo: LECTURA DANTIS: Infierno">
                                                                                            <img loading="lazy" decoding="async" width="240" height="300" src="https://iicbuenosaires.esteri.it/wp-content/uploads/2026/08/03.09-Lectura-Dantis-grafica-240x300.jpg" srcset="https://iicbuenosaires.esteri.it/wp-content/uploads/2026/08/03.09-Lectura-Dantis-grafica.jpg 1080w, https://iicbuenosaires.esteri.it/wp-content/uploads/2026/08/03.09-Lectura-Dantis-grafica-240x300.jpg 240w, https://iicbuenosaires.esteri.it/wp-content/uploads/2026/08/03.09-Lectura-Dantis-grafica-819x1024.jpg 819w, https://iicbuenosaires.esteri.it/wp-content/uploads/2026/08/03.09-Lectura-Dantis-grafica-768x960.jpg 768w" sizes="auto, (max-width: 1080px) 100vw, 1080px"  title="03.09 Lectura Dantis grafica" alt="" class="img-fluid">
                                                                                    </a>
                                    </figure>
                                </div>
                            </div>
                            <div class="col-sm-9">
                                                            <div class="category-top">
                                    <span class="fw-bold "></span>                                                                        <span class="">
                                        <svg class="icon icon-secondary">
                                            <use xlink:href="https://iicbuenosaires.esteri.it/wp-content/themes/sedi-tema/assets/svg/sprites.svg#it-calendar"></use>
                                        </svg> Jue Sep 03 2026                                    </span>
                                                                    </div>
                            <h5 class="card-title big-heading text-uppercase"><a class="text-body text-decoration-none" href="https://iicbuenosaires.esteri.it/es/gli_eventi/calendario/lectura-dantis-infierno-18/" title="LECTURA DANTIS: Infierno">LECTURA DANTIS: Infierno</a></h5>
                            <p class="card-text">LECTURA DANTIS en italiano a cargo de la Prof. Claudia Fernández, quien este año ilustrará y comentará el Infierno, la primera cántiga de la Divina Commedia. Día: Jueves 3 de septiembre 14 hs Lugar: Sala Benedetto Croce IIC &#8211; Marcelo T. de Alvear 3er piso Infierno XX Cuarto foso: los adivinos. Desazón de Dante y [&hellip;]</p>
                                <a title="LECTURA DANTIS: Infierno" class="read-more" href="https://iicbuenosaires.esteri.it/es/gli_eventi/calendario/lectura-dantis-infierno-18/">
                                    <span class="text">Lee mas</span>
                                    <svg class="icon">
                                    <use xlink:href="https://iicbuenosaires.esteri.it/wp-content/themes/sedi-tema/assets/svg/sprites.svg#it-arrow-right"></use>
                                    </svg>
                                </a>
                                                        </div>
                                                    </div>
                    </div>
                </div>
                <!--end card-->
                </div><!-- col-12 .mt-3-->
            
            <div class="col-md-12 mt-4 pb-4">
                <nav class="navigation col-md-12" aria-label="Navigation">
                    <h2 class="screen-reader-text visually-hidden">Paginación</h2>
                    <div class="nav-links">
                                        </div>
                </nav>
            </div>   <!--.col-md-12 -->
              </div><!--.row -->
