{"id":9010,"date":"2024-07-17T22:12:19","date_gmt":"2024-07-17T20:12:19","guid":{"rendered":"https:\/\/iicbuenosaires.esteri.it\/?page_id=9010"},"modified":"2026-02-03T17:29:06","modified_gmt":"2026-02-03T16:29:06","slug":"concursos-culturales","status":"publish","type":"page","link":"https:\/\/iicbuenosaires.esteri.it\/es\/news\/dall_istituto\/concursos-culturales\/","title":{"rendered":"Oportunidades culturales y premios"},"content":{"rendered":"<p style=\"text-align: justify;\"><img loading=\"lazy\" decoding=\"async\" class=\"img-fluid wp-image-21062 size-full\" src=\"https:\/\/iicbuenosaires.esteri.it\/wp-content\/uploads\/2026\/02\/LOGO-UNIBO.jpg\" alt=\"\" width=\"181\" height=\"147\" \/><\/p>\n<p style=\"text-align: justify;\">Novedades del\u00a0 Alma Mater\u00a0Studiorum\u00a0\u2013 Universit\u00e0 di Bologna (Universidad de Bolonia)<\/p>\n<p>Desde el IIC nos gustar\u00eda presentarles algunas de las iniciativas de orientaci\u00f3n que la Universidad de Bolonia est\u00e1 organizando online, dirigidas a futuros estudiantes internacionales.<\/p>\n<p>La primera iniciativa es la <strong>Virtual Fair \u2013\u00a0Bachelor\u2019s\u00a0Programmes<\/strong>, que se celebrar\u00e1 el 24 de febrero de 2026, de 9:30 a 17:00 (CET). El evento est\u00e1 dirigido a quienes deseen matricularse en un programa de grado o m\u00e1ster de ciclo \u00fanico (Laurea\u00a0o\u00a0Laurea Magistrale a ciclo unico)<br \/>\n<a href=\"https:\/\/open.unibo.it\/events\/virtual-fair-bachelors-programmes\">https:\/\/open.unibo.it\/events\/virtual-fair-bachelors-programmes<\/a><\/p>\n<p>La segunda iniciativa es la <strong>Virtual Fair \u2013\u00a0Master\u2019s\u00a0Programmes<\/strong>, programada para el 25 de febrero de 2026, de 10:00 a 17:00. (CET), y est\u00e1 dirigido a estudiantes interesados \u200b\u200ben continuar su carrera acad\u00e9mica con un m\u00e1ster (Laurea Magistrale)<br \/>\n<a href=\"https:\/\/open.unibo.it\/events\/virtual-fair-masters-programmes\">https:\/\/open.unibo.it\/events\/virtual-fair-masters-programmes<\/a><\/p>\n<p>Durante dos d\u00edas, los participantes recibir\u00e1n informaci\u00f3n detallada sobre los programas de grado, los procedimientos de admisi\u00f3n y matr\u00edcula, las becas disponibles y los servicios que ofrece la Universidad. Tambi\u00e9n tendr\u00e1n la oportunidad de interactuar directamente con el profesorado y el alumnado internacional de la Universidad. La participaci\u00f3n es gratuita, pero es necesario inscribirse. Los eventos se realizar\u00e1n en italiano e ingl\u00e9s. Se adjuntan folletos de ambos eventos.<\/p>\n<p>La Universidad de Bolonia siempre ha estado comprometida con la promoci\u00f3n de su dimensi\u00f3n internacional, convencida de que esta representa un valor fundamental para el enriquecimiento intercultural de toda la comunidad acad\u00e9mica.<\/p>\n<p>Para ulterior informaci\u00f3n:<br \/>\n<strong>IRSS \u2013 International Relations Strategy Support Unit<\/strong><br \/>\n<a href=\"mailto:irss@unibo.it\">irss@unibo.it<\/a>\u00a0| +39 051 209 9965<\/p>\n<hr \/>\n<p style=\"text-align: center;\"><strong>Jubileo de las Bandas Musicales y la M\u00fasica Popular<\/strong><\/p>\n<p style=\"text-align: center;\"><strong>(10-11 de mayo de 2025)<\/strong><\/p>\n<p>En el marco del A\u00f1o Santo 2025, que reunir\u00e1 a millones de peregrinos en Roma, se celebrar\u00e1 el <strong>Jubileo de las Bandas Musicales y la M\u00fasica Popular<\/strong>, un evento especial que rinde homenaje a la tradici\u00f3n musical folkl\u00f3rica y amateur.<\/p>\n<p>Esta iniciativa, impulsada por la <strong>Mesa Nacional e Internacional para la Promoci\u00f3n de la M\u00fasica Popular y Amateur<\/strong>, tendr\u00e1 lugar los d\u00edas <strong>10 y 11 de mayo de 2025<\/strong>, con presentaciones de bandas musicales en plazas de Roma, adem\u00e1s de los eventos religiosos habituales.<\/p>\n<p>El Papa Francisco ha destacado en m\u00faltiples ocasiones la importancia de la m\u00fasica como una herramienta de armon\u00eda social y expresi\u00f3n personal, resaltando su papel en la construcci\u00f3n de v\u00ednculos entre las personas. Por ello, este evento est\u00e1 dirigido especialmente a bandas y conjuntos musicales de <strong>descendientes de italianos<\/strong>, as\u00ed como a grupos que representen la tradici\u00f3n musical italiana y la de sus respectivos pa\u00edses.<\/p>\n<p>Las inscripciones estar\u00e1n abiertas hasta el <strong>9 de marzo de 2025<\/strong>. Para m\u00e1s informaci\u00f3n, se puede consultar el sitio web oficial del Jubileo:<br \/>\n\ud83d\udd17 <a href=\"https:\/\/www.iubilaeum2025.va\/it\/pellegrinaggio\/calendario-giubileo\/GrandiEventi\/Giubileo-delle-Bande-Musicali.html\">Giubileo delle Bande e della Musica Popolare<\/a><\/p>\n<p>Se destaca que todos los aspectos log\u00edsticos y organizativos deber\u00e1n ser gestionados de manera aut\u00f3noma por los participantes.<\/p>\n<hr \/>\n<p>&nbsp;<\/p>\n<p style=\"text-align: center;\"><strong>Abierta la convocatoria para participar de una nueva edici\u00f3n de la Residencia de Escritores Malba &#8211; REM<\/strong><em>.<\/em><\/p>\n<p>El <strong>Instituto Italiano de Cultura de Buenos Aires<\/strong>, en conjunto con el <strong>Malba, Museo de Arte Latinoamericana de Buenos Aires <\/strong>anuncian la convocatoria 2024 para la Residencia de Escritores Malba (REM). \u00a0La REM propone una experiencia urbana que permite el contacto con diversas manifestaciones culturales de la ciudad. Su programa cuenta con una agenda de actividades y eventos que se desarrollan anualmente con el fin de promover la creaci\u00f3n de redes de trabajo entre autores, editores locales y escritores invitados y propiciar la colaboraci\u00f3n art\u00edstica.<\/p>\n<p><strong>La convocatoria se encuentra abierta hasta el 18 de diciembre 2024 en la p\u00e1gina de la REM.<\/strong><\/p>\n<p>Para informarse sobre los requisititos, postularse y participar de la convocatoria: <a href=\"https:\/\/rem.malba.org.ar\/aplicar\/\">https:\/\/rem.malba.org.ar\/aplicar\/<\/a><\/p>\n<p><a href=\"https:\/\/iicbuenosaires.esteri.it\/wp-content\/uploads\/2024\/11\/pres_ital-corretto-def._compressed.pdf\">M\u00e1s informaci\u00f3n<\/a><\/p>\n<p>La Residencia de Escritores Malba (REM) est\u00e1 dirigida a escritores extranjeros que quieran ampliar su desarrollo art\u00edstico y profesional, viviendo cinco semanas en la Ciudad de Buenos Aires. Las residencias se realizar\u00e1n durante los meses de abril, junio, agosto, septiembre y noviembre 2025.<\/p>\n<p>Este proyecto de colaboraci\u00f3n permitir\u00e1 la participaci\u00f3n de escritores italianos en una beca exclusiva y cumplir\u00e1 con uno de los objetivos principales de la Residencia de Escritores de Malba: la consolidaci\u00f3n de lazos culturales entre las naciones.<\/p>\n<hr \/>\n<ul>\n<li class=\"entry-title h3\">\n<h6><a href=\"https:\/\/iicbuenosaires.esteri.it\/es\/news\/dall_istituto\/2024\/05\/millumino-dimmenso-premio-internacional-de-traduccion-de-poesia-del-italiano-al-espanol\/\">M\u2019ILLUMINO \/ D\u2019IMMENSO &#8211; Premio Internacional de Traducci\u00f3n de Poes\u00eda<\/a><\/h6>\n<h6>venci\u00f3 el 20 de agosto 2024<\/h6>\n<\/li>\n<\/ul>\n","protected":false},"excerpt":{"rendered":"Novedades del\u00a0 Alma Mater\u00a0Studiorum\u00a0\u2013 Universit\u00e0 di Bologna (Universidad de Bolonia) Desde el IIC nos gustar\u00eda presentarles algunas de las iniciativas de orientaci\u00f3n que la Universidad de Bolonia est\u00e1 organizando online, dirigidas a futuros estudiantes internacionales. La primera iniciativa es la Virtual Fair \u2013\u00a0Bachelor\u2019s\u00a0Programmes, que se celebrar\u00e1 el 24 de febrero de 2026, de 9:30 a [&hellip;]","protected":false},"author":4,"featured_media":0,"parent":75,"menu_order":0,"comment_status":"closed","ping_status":"closed","template":"","meta":{"footnotes":""},"class_list":["post-9010","page","type-page","status-publish","hentry"],"_links":{"self":[{"href":"https:\/\/iicbuenosaires.esteri.it\/es\/wp-json\/wp\/v2\/pages\/9010","targetHints":{"allow":["GET"]}}],"collection":[{"href":"https:\/\/iicbuenosaires.esteri.it\/es\/wp-json\/wp\/v2\/pages"}],"about":[{"href":"https:\/\/iicbuenosaires.esteri.it\/es\/wp-json\/wp\/v2\/types\/page"}],"author":[{"embeddable":true,"href":"https:\/\/iicbuenosaires.esteri.it\/es\/wp-json\/wp\/v2\/users\/4"}],"replies":[{"embeddable":true,"href":"https:\/\/iicbuenosaires.esteri.it\/es\/wp-json\/wp\/v2\/comments?post=9010"}],"version-history":[{"count":6,"href":"https:\/\/iicbuenosaires.esteri.it\/es\/wp-json\/wp\/v2\/pages\/9010\/revisions"}],"predecessor-version":[{"id":21104,"href":"https:\/\/iicbuenosaires.esteri.it\/es\/wp-json\/wp\/v2\/pages\/9010\/revisions\/21104"}],"up":[{"embeddable":true,"href":"https:\/\/iicbuenosaires.esteri.it\/es\/wp-json\/wp\/v2\/pages\/75"}],"wp:attachment":[{"href":"https:\/\/iicbuenosaires.esteri.it\/es\/wp-json\/wp\/v2\/media?parent=9010"}],"curies":[{"name":"wp","href":"https:\/\/api.w.org\/{rel}","templated":true}]}}

<p style="text-align: justify;"><img loading="lazy" decoding="async" class="img-fluid wp-image-21062 size-full" src="https://iicbuenosaires.esteri.it/wp-content/uploads/2026/02/LOGO-UNIBO.jpg" alt="" width="181" height="147" /></p>
<p style="text-align: justify;">Novedades del  Alma Mater Studiorum – Università di Bologna (Universidad de Bolonia)</p>
<p>Desde el IIC nos gustaría presentarles algunas de las iniciativas de orientación que la Universidad de Bolonia está organizando online, dirigidas a futuros estudiantes internacionales.</p>
<p>La primera iniciativa es la <strong>Virtual Fair – Bachelor’s Programmes</strong>, que se celebrará el 24 de febrero de 2026, de 9:30 a 17:00 (CET). El evento está dirigido a quienes deseen matricularse en un programa de grado o máster de ciclo único (Laurea o Laurea Magistrale a ciclo unico)<br />
<a href="https://open.unibo.it/events/virtual-fair-bachelors-programmes">https://open.unibo.it/events/virtual-fair-bachelors-programmes</a></p>
<p>La segunda iniciativa es la <strong>Virtual Fair – Master’s Programmes</strong>, programada para el 25 de febrero de 2026, de 10:00 a 17:00. (CET), y está dirigido a estudiantes interesados ​​en continuar su carrera académica con un máster (Laurea Magistrale)<br />
<a href="https://open.unibo.it/events/virtual-fair-masters-programmes">https://open.unibo.it/events/virtual-fair-masters-programmes</a></p>
<p>Durante dos días, los participantes recibirán información detallada sobre los programas de grado, los procedimientos de admisión y matrícula, las becas disponibles y los servicios que ofrece la Universidad. También tendrán la oportunidad de interactuar directamente con el profesorado y el alumnado internacional de la Universidad. La participación es gratuita, pero es necesario inscribirse. Los eventos se realizarán en italiano e inglés. Se adjuntan folletos de ambos eventos.</p>
<p>La Universidad de Bolonia siempre ha estado comprometida con la promoción de su dimensión internacional, convencida de que esta representa un valor fundamental para el enriquecimiento intercultural de toda la comunidad académica.</p>
<p>Para ulterior información:<br />
<strong>IRSS – International Relations Strategy Support Unit</strong><br />
<a href="mailto:irss@unibo.it">irss@unibo.it</a> | +39 051 209 9965</p>
<hr />
<p style="text-align: center;"><strong>Jubileo de las Bandas Musicales y la Música Popular</strong></p>
<p style="text-align: center;"><strong>(10-11 de mayo de 2025)</strong></p>
<p>En el marco del Año Santo 2025, que reunirá a millones de peregrinos en Roma, se celebrará el <strong>Jubileo de las Bandas Musicales y la Música Popular</strong>, un evento especial que rinde homenaje a la tradición musical folklórica y amateur.</p>
<p>Esta iniciativa, impulsada por la <strong>Mesa Nacional e Internacional para la Promoción de la Música Popular y Amateur</strong>, tendrá lugar los días <strong>10 y 11 de mayo de 2025</strong>, con presentaciones de bandas musicales en plazas de Roma, además de los eventos religiosos habituales.</p>
<p>El Papa Francisco ha destacado en múltiples ocasiones la importancia de la música como una herramienta de armonía social y expresión personal, resaltando su papel en la construcción de vínculos entre las personas. Por ello, este evento está dirigido especialmente a bandas y conjuntos musicales de <strong>descendientes de italianos</strong>, así como a grupos que representen la tradición musical italiana y la de sus respectivos países.</p>
<p>Las inscripciones estarán abiertas hasta el <strong>9 de marzo de 2025</strong>. Para más información, se puede consultar el sitio web oficial del Jubileo:<br />
🔗 <a href="https://www.iubilaeum2025.va/it/pellegrinaggio/calendario-giubileo/GrandiEventi/Giubileo-delle-Bande-Musicali.html">Giubileo delle Bande e della Musica Popolare</a></p>
<p>Se destaca que todos los aspectos logísticos y organizativos deberán ser gestionados de manera autónoma por los participantes.</p>
<hr />
<p>&nbsp;</p>
<p style="text-align: center;"><strong>Abierta la convocatoria para participar de una nueva edición de la Residencia de Escritores Malba &#8211; REM</strong><em>.</em></p>
<p>El <strong>Instituto Italiano de Cultura de Buenos Aires</strong>, en conjunto con el <strong>Malba, Museo de Arte Latinoamericana de Buenos Aires </strong>anuncian la convocatoria 2024 para la Residencia de Escritores Malba (REM).  La REM propone una experiencia urbana que permite el contacto con diversas manifestaciones culturales de la ciudad. Su programa cuenta con una agenda de actividades y eventos que se desarrollan anualmente con el fin de promover la creación de redes de trabajo entre autores, editores locales y escritores invitados y propiciar la colaboración artística.</p>
<p><strong>La convocatoria se encuentra abierta hasta el 18 de diciembre 2024 en la página de la REM.</strong></p>
<p>Para informarse sobre los requisititos, postularse y participar de la convocatoria: <a href="https://rem.malba.org.ar/aplicar/">https://rem.malba.org.ar/aplicar/</a></p>
<p><a href="https://iicbuenosaires.esteri.it/wp-content/uploads/2024/11/pres_ital-corretto-def._compressed.pdf">Más información</a></p>
<p>La Residencia de Escritores Malba (REM) está dirigida a escritores extranjeros que quieran ampliar su desarrollo artístico y profesional, viviendo cinco semanas en la Ciudad de Buenos Aires. Las residencias se realizarán durante los meses de abril, junio, agosto, septiembre y noviembre 2025.</p>
<p>Este proyecto de colaboración permitirá la participación de escritores italianos en una beca exclusiva y cumplirá con uno de los objetivos principales de la Residencia de Escritores de Malba: la consolidación de lazos culturales entre las naciones.</p>
<hr />
<ul>
<li class="entry-title h3">
<h6><a href="https://iicbuenosaires.esteri.it/es/news/dall_istituto/2024/05/millumino-dimmenso-premio-internacional-de-traduccion-de-poesia-del-italiano-al-espanol/">M’ILLUMINO / D’IMMENSO &#8211; Premio Internacional de Traducción de Poesía</a></h6>
<h6>venció el 20 de agosto 2024</h6>
</li>
</ul>

Novedades del  Alma Mater Studiorum – Università di Bologna (Universidad de Bolonia) Desde el IIC nos gustaría presentarles algunas de las iniciativas de orientación que la Universidad de Bolonia está organizando online, dirigidas a futuros estudiantes internacionales. La primera iniciativa es la Virtual Fair – Bachelor’s Programmes, que se celebrará el 24 de febrero de 2026, de 9:30 a [&hellip;]
