{"id":17,"date":"2023-04-03T20:31:30","date_gmt":"2023-04-03T18:31:30","guid":{"rendered":"https:\/\/iicbuenosaires.esteri.it\/?page_id=17"},"modified":"2023-08-24T11:43:58","modified_gmt":"2023-08-24T09:43:58","slug":"gli_eventi","status":"publish","type":"page","link":"https:\/\/iicbuenosaires.esteri.it\/it\/gli_eventi\/","title":{"rendered":"Eventi"},"content":{"rendered":"        <div class=\"row\">\n\t\t\t<!-- Ricerca sedi post -->\n\t\t\t<div class=\"col-12 mt-4\">\n\t\t\t  <div class=\"callout callout-highlight note ricerca-esteri p-4\">\n                    <div class=\"callout-title\">\n                        <svg class=\"icon\">\n                            <use xlink:href=\"https:\/\/iicbuenosaires.esteri.it\/wp-content\/themes\/sedi-tema\/assets\/svg\/sprites.svg#it-search\"><\/use>\n                        <\/svg>Inserisci i parametri di ricerca                    <\/div>\n                    <form id=\"searchFormPost\" name=\"form-search-post\" class=\"form-row align-items-center\" action=\"https:\/\/iicbuenosaires.esteri.it\/it\/wp-json\/wp\/v2\/pages\/17\/\" method=\"GET\"> \n                        <!-- <div class=\"form-group pt-5\"> -->\n                            <!-- <input type=\"hidden\" id=\"lang\" name=\"lang\" value=\"\"> --> <!-- <\/div> -->\n\n                        <div class=\"it-datepicker-wrapper\">\n                            <div class=\"row\">\n                                <div class=\"form-group col-md-6\">\n                                    <label class=\"active\" for=\"date-init\">Dal<\/label>\n                                    <input class=\"form-control\" name=\"date-init\" id=\"date-init\" type=\"date\" placeholder=\"gg\/mm\/aaaa\" value=\"\"lang=\"en-EN\">  \n                                <\/div>\n                                <div class=\"form-group col-md-6\">\n                                    <label class=\"active\" for=\"date-end\">Al<\/label>\n                                    <input class=\"form-control\" name=\"date-end\" id=\"date-end\" type=\"date\" placeholder=\"gg\/mm\/aaaa\" value=\"\">\n                                <\/div>\n                            <\/div>\n                        <\/div>\n                        <div class=\"form-group col-md-12 mt-3\">\n                            <label for=\"searchText\">Campo ricerca libera<\/label>\n                            <input type=\"text\" name=\"searchText\" class=\"form-control\" id=\"searchText\" value=\"\">\n                        <\/div>\n                        <div class=\"form-group col-md-4 offset-md-8 text-end\">\n                            <a href=\"https:\/\/iicbuenosaires.esteri.it\/it\/gli_eventi\/\" title=\"Form reset\" id=\"resetImput\" class=\"btn btn-outline-primary btn-xs\">Reset<\/a>\n                            <button type=\"submit\" class=\"btn btn-primary btn-xs\">Mostra risultati<\/button>\n                        <\/div>\n                    <\/form>\n\t\t\t\t<\/div>\n\t\t\t<\/div>\n\t\t<\/div>\n                    \n            <div class=\"row\">\n                            <div class=\"col-12 mt-3\">\n                <!--start card-->\n                <div class=\"card-wrapper card-space\">\n                    <div class=\"card card-bg card-big border-bottom-card\">\n                        <div class=\"card-body row\">\n                                                    <div class=\"col-sm-3\">\n                                <div class=\"img-responsive\">\n                                    <figure class=\"img-wrapper\">\n                                        <a href=\"https:\/\/iicbuenosaires.esteri.it\/it\/gli_eventi\/calendario\/la-12a-settimana-del-cinema-italiano-arriva-a-buenos-aires\/\" title=\"Leggi l'articolo: La 12\u00aa Settimana del Cinema Italiano arriva a Buenos Aires\">\n                                                                                            <img loading=\"lazy\" decoding=\"async\" width=\"240\" height=\"300\" src=\"https:\/\/iicbuenosaires.esteri.it\/wp-content\/uploads\/2026\/08\/WhatsApp-Image-2026-08-24-at-11.24.40-240x300.jpeg\" srcset=\"https:\/\/iicbuenosaires.esteri.it\/wp-content\/uploads\/2026\/08\/WhatsApp-Image-2026-08-24-at-11.24.40.jpeg 1080w, https:\/\/iicbuenosaires.esteri.it\/wp-content\/uploads\/2026\/08\/WhatsApp-Image-2026-08-24-at-11.24.40-240x300.jpeg 240w, https:\/\/iicbuenosaires.esteri.it\/wp-content\/uploads\/2026\/08\/WhatsApp-Image-2026-08-24-at-11.24.40-819x1024.jpeg 819w, https:\/\/iicbuenosaires.esteri.it\/wp-content\/uploads\/2026\/08\/WhatsApp-Image-2026-08-24-at-11.24.40-768x960.jpeg 768w\" sizes=\"auto, (max-width: 1080px) 100vw, 1080px\"  title=\"WhatsApp Image 2026-08-24 at 11.24.40\" alt=\"\" class=\"img-fluid\">\n                                                                                    <\/a>\n                                    <\/figure>\n                                <\/div>\n                            <\/div>\n                            <div class=\"col-sm-9\">\n                                                            <div class=\"category-top\">\n                                    <span class=\"fw-bold \"><\/span>                                                                        <span class=\"\">\n                                        <svg class=\"icon icon-secondary\">\n                                            <use xlink:href=\"https:\/\/iicbuenosaires.esteri.it\/wp-content\/themes\/sedi-tema\/assets\/svg\/sprites.svg#it-calendar\"><\/use>\n                                        <\/svg> Gio 03 Set 2026<svg class=\"icon icon-xs icon-secondary me-1 ms-1\"><use href=\"https:\/\/iicbuenosaires.esteri.it\/wp-content\/themes\/sedi-tema\/assets\/svg\/sprites.svg#it-arrow-right\"><\/use><\/svg>Mer 09 Set 2026                                    <\/span>\n                                                                    <\/div>\n                            <h5 class=\"card-title big-heading text-uppercase\"><a class=\"text-body text-decoration-none\" href=\"https:\/\/iicbuenosaires.esteri.it\/it\/gli_eventi\/calendario\/la-12a-settimana-del-cinema-italiano-arriva-a-buenos-aires\/\" title=\"La 12\u00aa Settimana del Cinema Italiano arriva a Buenos Aires\">La 12\u00aa Settimana del Cinema Italiano arriva a Buenos Aires<\/a><\/h5>\n                            <p class=\"card-text\">Dal 3 al 9 settembre, l\u2019Istituto Italiano di Cultura di Buenos Aires presenta una nuova edizione della Settimana del Cinema Italiano, in collaborazione con Cinecitt\u00e0, il Ministero della Cultura italiano, l\u2019Ambasciata d\u2019Italia, ICE \u2013 Agenzia per la promozione all\u2019estero e l\u2019internazionalizzazione delle imprese italiane e Cin\u00e9polis Recoleta. Da gioved\u00ec 3 a mercoled\u00ec 9 settembre, Buenos [&hellip;]<\/p>\n                                <a title=\"La 12\u00aa Settimana del Cinema Italiano arriva a Buenos Aires\" class=\"read-more\" href=\"https:\/\/iicbuenosaires.esteri.it\/it\/gli_eventi\/calendario\/la-12a-settimana-del-cinema-italiano-arriva-a-buenos-aires\/\">\n                                    <span class=\"text\">Leggi di pi\u00f9<\/span>\n                                    <svg class=\"icon\">\n                                    <use xlink:href=\"https:\/\/iicbuenosaires.esteri.it\/wp-content\/themes\/sedi-tema\/assets\/svg\/sprites.svg#it-arrow-right\"><\/use>\n                                    <\/svg>\n                                <\/a>\n                                                        <\/div>\n                                                    <\/div>\n                    <\/div>\n                <\/div>\n                <!--end card-->\n                <\/div><!-- col-12 .mt-3-->\n                            <div class=\"col-12 mt-3\">\n                <!--start card-->\n                <div class=\"card-wrapper card-space\">\n                    <div class=\"card card-bg card-big border-bottom-card\">\n                        <div class=\"card-body row\">\n                                                    <div class=\"col-sm-3\">\n                                <div class=\"img-responsive\">\n                                    <figure class=\"img-wrapper\">\n                                        <a href=\"https:\/\/iicbuenosaires.esteri.it\/it\/gli_eventi\/calendario\/lectura-dantis-inferno-18\/\" title=\"Leggi l'articolo: LECTURA DANTIS: Inferno\">\n                                                                                            <img loading=\"lazy\" decoding=\"async\" width=\"240\" height=\"300\" src=\"https:\/\/iicbuenosaires.esteri.it\/wp-content\/uploads\/2026\/08\/03.09-Lectura-Dantis-grafica-240x300.jpg\" srcset=\"https:\/\/iicbuenosaires.esteri.it\/wp-content\/uploads\/2026\/08\/03.09-Lectura-Dantis-grafica.jpg 1080w, https:\/\/iicbuenosaires.esteri.it\/wp-content\/uploads\/2026\/08\/03.09-Lectura-Dantis-grafica-240x300.jpg 240w, https:\/\/iicbuenosaires.esteri.it\/wp-content\/uploads\/2026\/08\/03.09-Lectura-Dantis-grafica-819x1024.jpg 819w, https:\/\/iicbuenosaires.esteri.it\/wp-content\/uploads\/2026\/08\/03.09-Lectura-Dantis-grafica-768x960.jpg 768w\" sizes=\"auto, (max-width: 1080px) 100vw, 1080px\"  title=\"03.09 Lectura Dantis grafica\" alt=\"\" class=\"img-fluid\">\n                                                                                    <\/a>\n                                    <\/figure>\n                                <\/div>\n                            <\/div>\n                            <div class=\"col-sm-9\">\n                                                            <div class=\"category-top\">\n                                    <span class=\"fw-bold \"><\/span>                                                                        <span class=\"\">\n                                        <svg class=\"icon icon-secondary\">\n                                            <use xlink:href=\"https:\/\/iicbuenosaires.esteri.it\/wp-content\/themes\/sedi-tema\/assets\/svg\/sprites.svg#it-calendar\"><\/use>\n                                        <\/svg> Gio 03 Set 2026                                    <\/span>\n                                                                    <\/div>\n                            <h5 class=\"card-title big-heading text-uppercase\"><a class=\"text-body text-decoration-none\" href=\"https:\/\/iicbuenosaires.esteri.it\/it\/gli_eventi\/calendario\/lectura-dantis-inferno-18\/\" title=\"LECTURA DANTIS: Inferno\">LECTURA DANTIS: Inferno<\/a><\/h5>\n                            <p class=\"card-text\">LECTURA DANTIS in italiano a cura della Prof.ssa Claudia Fern\u00e1ndez, che quest&#8217;anno illustrer\u00e0 e commenter\u00e0 l\u2019Inferno, la prima cantica della Divina Commedia. Data: Gioved\u00ec 3 settembre, ore 14.00 Sede: Sala Benedetto Croce IIC &#8211; Marcelo T. de Alvear 3\u00b0piano Inferno XX Quarta bolgia: gli indovini. Sgomento di Dante e rimprovero di Virgilio. Attivit\u00e0 esclusiva per [&hellip;]<\/p>\n                                <a title=\"LECTURA DANTIS: Inferno\" class=\"read-more\" href=\"https:\/\/iicbuenosaires.esteri.it\/it\/gli_eventi\/calendario\/lectura-dantis-inferno-18\/\">\n                                    <span class=\"text\">Leggi di pi\u00f9<\/span>\n                                    <svg class=\"icon\">\n                                    <use xlink:href=\"https:\/\/iicbuenosaires.esteri.it\/wp-content\/themes\/sedi-tema\/assets\/svg\/sprites.svg#it-arrow-right\"><\/use>\n                                    <\/svg>\n                                <\/a>\n                                                        <\/div>\n                                                    <\/div>\n                    <\/div>\n                <\/div>\n                <!--end card-->\n                <\/div><!-- col-12 .mt-3-->\n            \n            <div class=\"col-md-12 mt-4 pb-4\">\n                <nav class=\"navigation col-md-12\" aria-label=\"Navigation\">\n                    <h2 class=\"screen-reader-text visually-hidden\">Paginazione<\/h2>\n                    <div class=\"nav-links\">\n                                        <\/div>\n                <\/nav>\n            <\/div>   <!--.col-md-12 -->\n              <\/div><!--.row -->\n              \n","protected":false},"excerpt":{"rendered":"","protected":false},"author":1,"featured_media":0,"parent":0,"menu_order":6,"comment_status":"closed","ping_status":"closed","template":"","meta":{"footnotes":""},"class_list":["post-17","page","type-page","status-publish","hentry"],"_links":{"self":[{"href":"https:\/\/iicbuenosaires.esteri.it\/it\/wp-json\/wp\/v2\/pages\/17","targetHints":{"allow":["GET"]}}],"collection":[{"href":"https:\/\/iicbuenosaires.esteri.it\/it\/wp-json\/wp\/v2\/pages"}],"about":[{"href":"https:\/\/iicbuenosaires.esteri.it\/it\/wp-json\/wp\/v2\/types\/page"}],"author":[{"embeddable":true,"href":"https:\/\/iicbuenosaires.esteri.it\/it\/wp-json\/wp\/v2\/users\/1"}],"replies":[{"embeddable":true,"href":"https:\/\/iicbuenosaires.esteri.it\/it\/wp-json\/wp\/v2\/comments?post=17"}],"version-history":[{"count":2,"href":"https:\/\/iicbuenosaires.esteri.it\/it\/wp-json\/wp\/v2\/pages\/17\/revisions"}],"predecessor-version":[{"id":63,"href":"https:\/\/iicbuenosaires.esteri.it\/it\/wp-json\/wp\/v2\/pages\/17\/revisions\/63"}],"wp:attachment":[{"href":"https:\/\/iicbuenosaires.esteri.it\/it\/wp-json\/wp\/v2\/media?parent=17"}],"curies":[{"name":"wp","href":"https:\/\/api.w.org\/{rel}","templated":true}]}}

<div class="row">
			<!-- Ricerca sedi post -->
			<div class="col-12 mt-4">
			  <div class="callout callout-highlight note ricerca-esteri p-4">
                    <div class="callout-title">
                        <svg class="icon">
                            <use xlink:href="https://iicbuenosaires.esteri.it/wp-content/themes/sedi-tema/assets/svg/sprites.svg#it-search"></use>
                        </svg>Inserisci i parametri di ricerca                    </div>
                    <form id="searchFormPost" name="form-search-post" class="form-row align-items-center" action="https://iicbuenosaires.esteri.it/it/wp-json/wp/v2/pages/17/" method="GET"> 
                        <!-- <div class="form-group pt-5"> -->
                            <!-- <input type="hidden" id="lang" name="lang" value=""> --> <!-- </div> -->

                        <div class="it-datepicker-wrapper">
                            <div class="row">
                                <div class="form-group col-md-6">
                                    <label class="active" for="date-init">Dal</label>
                                    <input class="form-control" name="date-init" id="date-init" type="date" placeholder="gg/mm/aaaa" value=""lang="en-EN">  
                                </div>
                                <div class="form-group col-md-6">
                                    <label class="active" for="date-end">Al</label>
                                    <input class="form-control" name="date-end" id="date-end" type="date" placeholder="gg/mm/aaaa" value="">
                                </div>
                            </div>
                        </div>
                        <div class="form-group col-md-12 mt-3">
                            <label for="searchText">Campo ricerca libera</label>
                            <input type="text" name="searchText" class="form-control" id="searchText" value="">
                        </div>
                        <div class="form-group col-md-4 offset-md-8 text-end">
                            <a href="https://iicbuenosaires.esteri.it/it/gli_eventi/" title="Form reset" id="resetImput" class="btn btn-outline-primary btn-xs">Reset</a>
                            <button type="submit" class="btn btn-primary btn-xs">Mostra risultati</button>
                        </div>
                    </form>
				</div>
			</div>
		</div>
                    
            <div class="row">
                            <div class="col-12 mt-3">
                <!--start card-->
                <div class="card-wrapper card-space">
                    <div class="card card-bg card-big border-bottom-card">
                        <div class="card-body row">
                                                    <div class="col-sm-3">
                                <div class="img-responsive">
                                    <figure class="img-wrapper">
                                        <a href="https://iicbuenosaires.esteri.it/it/gli_eventi/calendario/la-12a-settimana-del-cinema-italiano-arriva-a-buenos-aires/" title="Leggi l'articolo: La 12ª Settimana del Cinema Italiano arriva a Buenos Aires">
                                                                                            <img loading="lazy" decoding="async" width="240" height="300" src="https://iicbuenosaires.esteri.it/wp-content/uploads/2026/08/WhatsApp-Image-2026-08-24-at-11.24.40-240x300.jpeg" srcset="https://iicbuenosaires.esteri.it/wp-content/uploads/2026/08/WhatsApp-Image-2026-08-24-at-11.24.40.jpeg 1080w, https://iicbuenosaires.esteri.it/wp-content/uploads/2026/08/WhatsApp-Image-2026-08-24-at-11.24.40-240x300.jpeg 240w, https://iicbuenosaires.esteri.it/wp-content/uploads/2026/08/WhatsApp-Image-2026-08-24-at-11.24.40-819x1024.jpeg 819w, https://iicbuenosaires.esteri.it/wp-content/uploads/2026/08/WhatsApp-Image-2026-08-24-at-11.24.40-768x960.jpeg 768w" sizes="auto, (max-width: 1080px) 100vw, 1080px"  title="WhatsApp Image 2026-08-24 at 11.24.40" alt="" class="img-fluid">
                                                                                    </a>
                                    </figure>
                                </div>
                            </div>
                            <div class="col-sm-9">
                                                            <div class="category-top">
                                    <span class="fw-bold "></span>                                                                        <span class="">
                                        <svg class="icon icon-secondary">
                                            <use xlink:href="https://iicbuenosaires.esteri.it/wp-content/themes/sedi-tema/assets/svg/sprites.svg#it-calendar"></use>
                                        </svg> Gio 03 Set 2026<svg class="icon icon-xs icon-secondary me-1 ms-1"><use href="https://iicbuenosaires.esteri.it/wp-content/themes/sedi-tema/assets/svg/sprites.svg#it-arrow-right"></use></svg>Mer 09 Set 2026                                    </span>
                                                                    </div>
                            <h5 class="card-title big-heading text-uppercase"><a class="text-body text-decoration-none" href="https://iicbuenosaires.esteri.it/it/gli_eventi/calendario/la-12a-settimana-del-cinema-italiano-arriva-a-buenos-aires/" title="La 12ª Settimana del Cinema Italiano arriva a Buenos Aires">La 12ª Settimana del Cinema Italiano arriva a Buenos Aires</a></h5>
                            <p class="card-text">Dal 3 al 9 settembre, l’Istituto Italiano di Cultura di Buenos Aires presenta una nuova edizione della Settimana del Cinema Italiano, in collaborazione con Cinecittà, il Ministero della Cultura italiano, l’Ambasciata d’Italia, ICE – Agenzia per la promozione all’estero e l’internazionalizzazione delle imprese italiane e Cinépolis Recoleta. Da giovedì 3 a mercoledì 9 settembre, Buenos [&hellip;]</p>
                                <a title="La 12ª Settimana del Cinema Italiano arriva a Buenos Aires" class="read-more" href="https://iicbuenosaires.esteri.it/it/gli_eventi/calendario/la-12a-settimana-del-cinema-italiano-arriva-a-buenos-aires/">
                                    <span class="text">Leggi di più</span>
                                    <svg class="icon">
                                    <use xlink:href="https://iicbuenosaires.esteri.it/wp-content/themes/sedi-tema/assets/svg/sprites.svg#it-arrow-right"></use>
                                    </svg>
                                </a>
                                                        </div>
                                                    </div>
                    </div>
                </div>
                <!--end card-->
                </div><!-- col-12 .mt-3-->
                            <div class="col-12 mt-3">
                <!--start card-->
                <div class="card-wrapper card-space">
                    <div class="card card-bg card-big border-bottom-card">
                        <div class="card-body row">
                                                    <div class="col-sm-3">
                                <div class="img-responsive">
                                    <figure class="img-wrapper">
                                        <a href="https://iicbuenosaires.esteri.it/it/gli_eventi/calendario/lectura-dantis-inferno-18/" title="Leggi l'articolo: LECTURA DANTIS: Inferno">
                                                                                            <img loading="lazy" decoding="async" width="240" height="300" src="https://iicbuenosaires.esteri.it/wp-content/uploads/2026/08/03.09-Lectura-Dantis-grafica-240x300.jpg" srcset="https://iicbuenosaires.esteri.it/wp-content/uploads/2026/08/03.09-Lectura-Dantis-grafica.jpg 1080w, https://iicbuenosaires.esteri.it/wp-content/uploads/2026/08/03.09-Lectura-Dantis-grafica-240x300.jpg 240w, https://iicbuenosaires.esteri.it/wp-content/uploads/2026/08/03.09-Lectura-Dantis-grafica-819x1024.jpg 819w, https://iicbuenosaires.esteri.it/wp-content/uploads/2026/08/03.09-Lectura-Dantis-grafica-768x960.jpg 768w" sizes="auto, (max-width: 1080px) 100vw, 1080px"  title="03.09 Lectura Dantis grafica" alt="" class="img-fluid">
                                                                                    </a>
                                    </figure>
                                </div>
                            </div>
                            <div class="col-sm-9">
                                                            <div class="category-top">
                                    <span class="fw-bold "></span>                                                                        <span class="">
                                        <svg class="icon icon-secondary">
                                            <use xlink:href="https://iicbuenosaires.esteri.it/wp-content/themes/sedi-tema/assets/svg/sprites.svg#it-calendar"></use>
                                        </svg> Gio 03 Set 2026                                    </span>
                                                                    </div>
                            <h5 class="card-title big-heading text-uppercase"><a class="text-body text-decoration-none" href="https://iicbuenosaires.esteri.it/it/gli_eventi/calendario/lectura-dantis-inferno-18/" title="LECTURA DANTIS: Inferno">LECTURA DANTIS: Inferno</a></h5>
                            <p class="card-text">LECTURA DANTIS in italiano a cura della Prof.ssa Claudia Fernández, che quest&#8217;anno illustrerà e commenterà l’Inferno, la prima cantica della Divina Commedia. Data: Giovedì 3 settembre, ore 14.00 Sede: Sala Benedetto Croce IIC &#8211; Marcelo T. de Alvear 3°piano Inferno XX Quarta bolgia: gli indovini. Sgomento di Dante e rimprovero di Virgilio. Attività esclusiva per [&hellip;]</p>
                                <a title="LECTURA DANTIS: Inferno" class="read-more" href="https://iicbuenosaires.esteri.it/it/gli_eventi/calendario/lectura-dantis-inferno-18/">
                                    <span class="text">Leggi di più</span>
                                    <svg class="icon">
                                    <use xlink:href="https://iicbuenosaires.esteri.it/wp-content/themes/sedi-tema/assets/svg/sprites.svg#it-arrow-right"></use>
                                    </svg>
                                </a>
                                                        </div>
                                                    </div>
                    </div>
                </div>
                <!--end card-->
                </div><!-- col-12 .mt-3-->
            
            <div class="col-md-12 mt-4 pb-4">
                <nav class="navigation col-md-12" aria-label="Navigation">
                    <h2 class="screen-reader-text visually-hidden">Paginazione</h2>
                    <div class="nav-links">
                                        </div>
                </nav>
            </div>   <!--.col-md-12 -->
              </div><!--.row -->
