{"id":21105,"date":"2026-02-04T19:09:30","date_gmt":"2026-02-04T18:09:30","guid":{"rendered":"https:\/\/iicbuenosaires.esteri.it\/?page_id=21105"},"modified":"2026-04-28T15:58:43","modified_gmt":"2026-04-28T13:58:43","slug":"rassegna-stampa-2026-articulos-periodisticos-2026","status":"publish","type":"page","link":"https:\/\/iicbuenosaires.esteri.it\/it\/news\/rassegna-stampa\/rassegna-stampa-2026-articulos-periodisticos-2026\/","title":{"rendered":"Rassegna stampa 2026 \/ Art\u00edculos period\u00edsticos 2026"},"content":{"rendered":"<p>Clar\u00edn &#8211; 18\/9\/25 &#8211; E (tomada de EFE)<\/p>\n<p><a href=\"https:\/\/www.clarin.com\/cultura\/andrea-bajani-aniversario-quise-romper-tabu-familia-intocable_0_kGnUcdI2JO.html\">https:\/\/www.clarin.com\/cultura\/andrea-bajani-aniversario-quise-romper-tabu-familia-intocable_0_kGnUcdI2JO.html<\/a><\/p>\n<p>Infobae &#8211; 10\/4\/26 &#8211; Recomendaci\u00f3n<\/p>\n<p><a href=\"https:\/\/www.infobae.com\/cultura\/2026\/04\/10\/que-leer-esta-semana-un-hijo-que-se-va-para-salvarse-de-sus-padres-ajuste-de-cuentas-entre-amigos-y-lo-siniestro-de-freud\/\">https:\/\/www.infobae.com\/cultura\/2026\/04\/10\/que-leer-esta-semana-un-hijo-que-se-va-para-salvarse-de-sus-padres-ajuste-de-cuentas-entre-amigos-y-lo-siniestro-de-freud\/<\/a><\/p>\n<p>Noticias Argentinas &#8211; 17\/4\/26 &#8211; Agenda evento<\/p>\n<p><a href=\"https:\/\/noticiasargentinas.com\/cultura\/andrea-bajani-presenta-el-aniversario-en-la-feria-del-libro_a69e26e8f7825f88153710863\">https:\/\/noticiasargentinas.com\/cultura\/andrea-bajani-presenta-el-aniversario-en-la-feria-del-libro_a69e26e8f7825f88153710863<\/a><\/p>\n<p>Revista Zoom &#8211; 19\/4\/26 &#8211; Agenda evento<\/p>\n<p><a href=\"https:\/\/revistazoom.com.ar\/agenda-cultural-del-20-al-26-de-abril\/\">https:\/\/revistazoom.com.ar\/agenda-cultural-del-20-al-26-de-abril\/<\/a><\/p>\n<p>La Naci\u00f3n &#8211; 24\/4\/26 &#8211; E<\/p>\n<p><a href=\"https:\/\/www.lanacion.com.ar\/cultura\/andrea-bajani-muchos-consideran-el-sufrimiento-familiar-como-un-destino-nid24042026\/\">https:\/\/www.lanacion.com.ar\/cultura\/andrea-bajani-muchos-consideran-el-sufrimiento-familiar-como-un-destino-nid24042026\/<\/a><\/p>\n<p>Clar\u00edn &#8211; 24\/4\/26 &#8211; E<\/p>\n<p><a href=\"https:\/\/www.clarin.com\/cultura\/andrea-bajani-novela-activador-autobiografia-lector_0_Y6GgAv1bfk.html\">https:\/\/www.clarin.com\/cultura\/andrea-bajani-novela-activador-autobiografia-lector_0_Y6GgAv1bfk.html<\/a><\/p>\n<p>Ohlal\u00e1 &#8211; 24\/4\/26 &#8211; Recomendaci\u00f3n<\/p>\n<p><a href=\"https:\/\/www.somosohlala.com\/espectaculos\/libros\/tres-novelas-autobiograficas-de-autores-italianos-para-pensar-la-complejidad-de-los-vinculos-familiares-nid24042026\">https:\/\/www.somosohlala.com\/espectaculos\/libros\/tres-novelas-autobiograficas-de-autores-italianos-para-pensar-la-complejidad-de-los-vinculos-familiares-nid24042026<\/a><\/p>\n<p>P\u00e1gina 12 &#8211; 25\/4\/26 &#8211; E<\/p>\n<p><a href=\"https:\/\/www.pagina12.com.ar\/2026\/04\/25\/andrea-bajani-la-familia-patriarcal-no-se-sostiene-mas\/\">https:\/\/www.pagina12.com.ar\/2026\/04\/25\/andrea-bajani-la-familia-patriarcal-no-se-sostiene-mas\/<\/a><\/p>\n<p>ITALIAN\u00a0 DESIGN DAY \u2013 10-03.26<\/p>\n<p><a href=\"https:\/\/www.ansalatina.com\/americalatina\/noticia\/latinoamerica\/2026\/03\/11\/italian-design-day-en-buenos-aires-centrado-en-la-regeneracion-urbana_259ed835-e377-45a9-8ca7-7ef9c1baef15.html\">https:\/\/www.ansalatina.com\/americalatina\/noticia\/latinoamerica\/2026\/03\/11\/italian-design-day-en-buenos-aires-centrado-en-la-regeneracion-urbana_259ed835-e377-45a9-8ca7-7ef9c1baef15.html<\/a><\/p>\n<p><a href=\"https:\/\/www.ansa.it\/sito\/notizie\/mondo\/news_dalle_ambasciate\/2026\/03\/11\/italian-design-day-a-buenos-aires-focus-su-rigenerazione-urbana_dae3e6aa-d2e8-46a3-9270-44391c9c3cfe.html\">https:\/\/www.ansa.it\/sito\/notizie\/mondo\/news_dalle_ambasciate\/2026\/03\/11\/italian-design-day-a-buenos-aires-focus-su-rigenerazione-urbana_dae3e6aa-d2e8-46a3-9270-44391c9c3cfe.html<\/a><\/p>\n<p><a href=\"https:\/\/www.lanacion.com.ar\/agencias\/cultura-el-diseno-y-la-arquitectura-italiana-en-buenos-aires-nid06032026\/\">https:\/\/www.lanacion.com.ar\/agencias\/cultura-el-diseno-y-la-arquitectura-italiana-en-buenos-aires-nid06032026\/<\/a><\/p>\n<p><a href=\"https:\/\/ilglobo.com\/es\/news\/talian-design-day-en-buenos-aires-giandebiaggi-expuso-sobre-el-valor-de-reutilizar-la-arquitectura-142619\/\">https:\/\/ilglobo.com\/es\/news\/talian-design-day-en-buenos-aires-giandebiaggi-expuso-sobre-el-valor-de-reutilizar-la-arquitectura-142619\/<\/a><\/p>\n<p>Borges per l\u2019Italia &#8211;\u00a0 17.03.26<\/p>\n<p><a href=\"https:\/\/www.aise.it\/iic\/italia-in-borges-borges-per-litalia-nuove-letture-alliic-di-buenos-aires-per-il-ciclo-dialoghi-italoargentini\/230197\/138\">Aise.it &#8211; Agenzia Internazionale Stampa Estero<\/a><\/p>\n<p><a href=\"https:\/\/www.ansalatina.com\/americalatina\/noticia\/cultura_y_moda\/2026\/04\/13\/citas-del-instituto-italiano-de-cultura-de-buenos-aires_6997aa58-5e69-490e-9047-ffb800fa29a5.html\">https:\/\/www.ansalatina.com\/americalatina\/noticia\/cultura_y_moda\/2026\/04\/13\/citas-del-instituto-italiano-de-cultura-de-buenos-aires_6997aa58-5e69-490e-9047-ffb800fa29a5.html<\/a><\/p>\n<p>&nbsp;<\/p>\n<p><a href=\"https:\/\/www.aise.it\/la-cultura-del-marted%C3%AC\/dialoghi-italoargentini-un-nuovo-ciclo-di-incontri-dellistituto-italiano-di-cultura-di-buenos-aires\/228716\/2\">https:\/\/www.aise.it\/la-cultura-del-marted%C3%AC\/dialoghi-italoargentini-un-nuovo-ciclo-di-incontri-dellistituto-italiano-di-cultura-di-buenos-aires\/228716\/2<\/a><\/p>\n<p>&nbsp;<\/p>\n","protected":false},"excerpt":{"rendered":"Clar\u00edn &#8211; 18\/9\/25 &#8211; E (tomada de EFE) https:\/\/www.clarin.com\/cultura\/andrea-bajani-aniversario-quise-romper-tabu-familia-intocable_0_kGnUcdI2JO.html Infobae &#8211; 10\/4\/26 &#8211; Recomendaci\u00f3n https:\/\/www.infobae.com\/cultura\/2026\/04\/10\/que-leer-esta-semana-un-hijo-que-se-va-para-salvarse-de-sus-padres-ajuste-de-cuentas-entre-amigos-y-lo-siniestro-de-freud\/ Noticias Argentinas &#8211; 17\/4\/26 &#8211; Agenda evento https:\/\/noticiasargentinas.com\/cultura\/andrea-bajani-presenta-el-aniversario-en-la-feria-del-libro_a69e26e8f7825f88153710863 Revista Zoom &#8211; 19\/4\/26 &#8211; Agenda evento https:\/\/revistazoom.com.ar\/agenda-cultural-del-20-al-26-de-abril\/ La Naci\u00f3n &#8211; 24\/4\/26 &#8211; E https:\/\/www.lanacion.com.ar\/cultura\/andrea-bajani-muchos-consideran-el-sufrimiento-familiar-como-un-destino-nid24042026\/ Clar\u00edn &#8211; 24\/4\/26 &#8211; E https:\/\/www.clarin.com\/cultura\/andrea-bajani-novela-activador-autobiografia-lector_0_Y6GgAv1bfk.html Ohlal\u00e1 &#8211; 24\/4\/26 &#8211; Recomendaci\u00f3n https:\/\/www.somosohlala.com\/espectaculos\/libros\/tres-novelas-autobiograficas-de-autores-italianos-para-pensar-la-complejidad-de-los-vinculos-familiares-nid24042026 P\u00e1gina 12 &#8211; 25\/4\/26 &#8211; [&hellip;]","protected":false},"author":7,"featured_media":0,"parent":127,"menu_order":0,"comment_status":"closed","ping_status":"closed","template":"","meta":{"footnotes":""},"class_list":["post-21105","page","type-page","status-publish","hentry"],"_links":{"self":[{"href":"https:\/\/iicbuenosaires.esteri.it\/it\/wp-json\/wp\/v2\/pages\/21105","targetHints":{"allow":["GET"]}}],"collection":[{"href":"https:\/\/iicbuenosaires.esteri.it\/it\/wp-json\/wp\/v2\/pages"}],"about":[{"href":"https:\/\/iicbuenosaires.esteri.it\/it\/wp-json\/wp\/v2\/types\/page"}],"author":[{"embeddable":true,"href":"https:\/\/iicbuenosaires.esteri.it\/it\/wp-json\/wp\/v2\/users\/7"}],"replies":[{"embeddable":true,"href":"https:\/\/iicbuenosaires.esteri.it\/it\/wp-json\/wp\/v2\/comments?post=21105"}],"version-history":[{"count":4,"href":"https:\/\/iicbuenosaires.esteri.it\/it\/wp-json\/wp\/v2\/pages\/21105\/revisions"}],"predecessor-version":[{"id":22657,"href":"https:\/\/iicbuenosaires.esteri.it\/it\/wp-json\/wp\/v2\/pages\/21105\/revisions\/22657"}],"up":[{"embeddable":true,"href":"https:\/\/iicbuenosaires.esteri.it\/it\/wp-json\/wp\/v2\/pages\/127"}],"wp:attachment":[{"href":"https:\/\/iicbuenosaires.esteri.it\/it\/wp-json\/wp\/v2\/media?parent=21105"}],"curies":[{"name":"wp","href":"https:\/\/api.w.org\/{rel}","templated":true}]}}

Rassegna stampa 2026 / Artículos periodísticos 2026

<p>Clarín &#8211; 18/9/25 &#8211; E (tomada de EFE)</p>
<p><a href="https://www.clarin.com/cultura/andrea-bajani-aniversario-quise-romper-tabu-familia-intocable_0_kGnUcdI2JO.html">https://www.clarin.com/cultura/andrea-bajani-aniversario-quise-romper-tabu-familia-intocable_0_kGnUcdI2JO.html</a></p>
<p>Infobae &#8211; 10/4/26 &#8211; Recomendación</p>
<p><a href="https://www.infobae.com/cultura/2026/04/10/que-leer-esta-semana-un-hijo-que-se-va-para-salvarse-de-sus-padres-ajuste-de-cuentas-entre-amigos-y-lo-siniestro-de-freud/">https://www.infobae.com/cultura/2026/04/10/que-leer-esta-semana-un-hijo-que-se-va-para-salvarse-de-sus-padres-ajuste-de-cuentas-entre-amigos-y-lo-siniestro-de-freud/</a></p>
<p>Noticias Argentinas &#8211; 17/4/26 &#8211; Agenda evento</p>
<p><a href="https://noticiasargentinas.com/cultura/andrea-bajani-presenta-el-aniversario-en-la-feria-del-libro_a69e26e8f7825f88153710863">https://noticiasargentinas.com/cultura/andrea-bajani-presenta-el-aniversario-en-la-feria-del-libro_a69e26e8f7825f88153710863</a></p>
<p>Revista Zoom &#8211; 19/4/26 &#8211; Agenda evento</p>
<p><a href="https://revistazoom.com.ar/agenda-cultural-del-20-al-26-de-abril/">https://revistazoom.com.ar/agenda-cultural-del-20-al-26-de-abril/</a></p>
<p>La Nación &#8211; 24/4/26 &#8211; E</p>
<p><a href="https://www.lanacion.com.ar/cultura/andrea-bajani-muchos-consideran-el-sufrimiento-familiar-como-un-destino-nid24042026/">https://www.lanacion.com.ar/cultura/andrea-bajani-muchos-consideran-el-sufrimiento-familiar-como-un-destino-nid24042026/</a></p>
<p>Clarín &#8211; 24/4/26 &#8211; E</p>
<p><a href="https://www.clarin.com/cultura/andrea-bajani-novela-activador-autobiografia-lector_0_Y6GgAv1bfk.html">https://www.clarin.com/cultura/andrea-bajani-novela-activador-autobiografia-lector_0_Y6GgAv1bfk.html</a></p>
<p>Ohlalá &#8211; 24/4/26 &#8211; Recomendación</p>
<p><a href="https://www.somosohlala.com/espectaculos/libros/tres-novelas-autobiograficas-de-autores-italianos-para-pensar-la-complejidad-de-los-vinculos-familiares-nid24042026">https://www.somosohlala.com/espectaculos/libros/tres-novelas-autobiograficas-de-autores-italianos-para-pensar-la-complejidad-de-los-vinculos-familiares-nid24042026</a></p>
<p>Página 12 &#8211; 25/4/26 &#8211; E</p>
<p><a href="https://www.pagina12.com.ar/2026/04/25/andrea-bajani-la-familia-patriarcal-no-se-sostiene-mas/">https://www.pagina12.com.ar/2026/04/25/andrea-bajani-la-familia-patriarcal-no-se-sostiene-mas/</a></p>
<p>ITALIAN  DESIGN DAY – 10-03.26</p>
<p><a href="https://www.ansalatina.com/americalatina/noticia/latinoamerica/2026/03/11/italian-design-day-en-buenos-aires-centrado-en-la-regeneracion-urbana_259ed835-e377-45a9-8ca7-7ef9c1baef15.html">https://www.ansalatina.com/americalatina/noticia/latinoamerica/2026/03/11/italian-design-day-en-buenos-aires-centrado-en-la-regeneracion-urbana_259ed835-e377-45a9-8ca7-7ef9c1baef15.html</a></p>
<p><a href="https://www.ansa.it/sito/notizie/mondo/news_dalle_ambasciate/2026/03/11/italian-design-day-a-buenos-aires-focus-su-rigenerazione-urbana_dae3e6aa-d2e8-46a3-9270-44391c9c3cfe.html">https://www.ansa.it/sito/notizie/mondo/news_dalle_ambasciate/2026/03/11/italian-design-day-a-buenos-aires-focus-su-rigenerazione-urbana_dae3e6aa-d2e8-46a3-9270-44391c9c3cfe.html</a></p>
<p><a href="https://www.lanacion.com.ar/agencias/cultura-el-diseno-y-la-arquitectura-italiana-en-buenos-aires-nid06032026/">https://www.lanacion.com.ar/agencias/cultura-el-diseno-y-la-arquitectura-italiana-en-buenos-aires-nid06032026/</a></p>
<p><a href="https://ilglobo.com/es/news/talian-design-day-en-buenos-aires-giandebiaggi-expuso-sobre-el-valor-de-reutilizar-la-arquitectura-142619/">https://ilglobo.com/es/news/talian-design-day-en-buenos-aires-giandebiaggi-expuso-sobre-el-valor-de-reutilizar-la-arquitectura-142619/</a></p>
<p>Borges per l’Italia &#8211;  17.03.26</p>
<p><a href="https://www.aise.it/iic/italia-in-borges-borges-per-litalia-nuove-letture-alliic-di-buenos-aires-per-il-ciclo-dialoghi-italoargentini/230197/138">Aise.it &#8211; Agenzia Internazionale Stampa Estero</a></p>
<p><a href="https://www.ansalatina.com/americalatina/noticia/cultura_y_moda/2026/04/13/citas-del-instituto-italiano-de-cultura-de-buenos-aires_6997aa58-5e69-490e-9047-ffb800fa29a5.html">https://www.ansalatina.com/americalatina/noticia/cultura_y_moda/2026/04/13/citas-del-instituto-italiano-de-cultura-de-buenos-aires_6997aa58-5e69-490e-9047-ffb800fa29a5.html</a></p>
<p>&nbsp;</p>
<p><a href="https://www.aise.it/la-cultura-del-marted%C3%AC/dialoghi-italoargentini-un-nuovo-ciclo-di-incontri-dellistituto-italiano-di-cultura-di-buenos-aires/228716/2">https://www.aise.it/la-cultura-del-marted%C3%AC/dialoghi-italoargentini-un-nuovo-ciclo-di-incontri-dellistituto-italiano-di-cultura-di-buenos-aires/228716/2</a></p>
<p>&nbsp;</p>

Clarín &#8211; 18/9/25 &#8211; E (tomada de EFE) https://www.clarin.com/cultura/andrea-bajani-aniversario-quise-romper-tabu-familia-intocable_0_kGnUcdI2JO.html Infobae &#8211; 10/4/26 &#8211; Recomendación https://www.infobae.com/cultura/2026/04/10/que-leer-esta-semana-un-hijo-que-se-va-para-salvarse-de-sus-padres-ajuste-de-cuentas-entre-amigos-y-lo-siniestro-de-freud/ Noticias Argentinas &#8211; 17/4/26 &#8211; Agenda evento https://noticiasargentinas.com/cultura/andrea-bajani-presenta-el-aniversario-en-la-feria-del-libro_a69e26e8f7825f88153710863 Revista Zoom &#8211; 19/4/26 &#8211; Agenda evento https://revistazoom.com.ar/agenda-cultural-del-20-al-26-de-abril/ La Nación &#8211; 24/4/26 &#8211; E https://www.lanacion.com.ar/cultura/andrea-bajani-muchos-consideran-el-sufrimiento-familiar-como-un-destino-nid24042026/ Clarín &#8211; 24/4/26 &#8211; E https://www.clarin.com/cultura/andrea-bajani-novela-activador-autobiografia-lector_0_Y6GgAv1bfk.html Ohlalá &#8211; 24/4/26 &#8211; Recomendación https://www.somosohlala.com/espectaculos/libros/tres-novelas-autobiograficas-de-autores-italianos-para-pensar-la-complejidad-de-los-vinculos-familiares-nid24042026 Página 12 &#8211; 25/4/26 &#8211; [&hellip;]
