{"id":4695,"date":"2024-07-17T22:12:19","date_gmt":"2024-07-17T20:12:19","guid":{"rendered":"https:\/\/iicbuenosaires.esteri.it\/?page_id=4695"},"modified":"2026-02-03T17:28:53","modified_gmt":"2026-02-03T16:28:53","slug":"concorsi-culturali","status":"publish","type":"page","link":"https:\/\/iicbuenosaires.esteri.it\/it\/news\/dall_istituto\/concorsi-culturali\/","title":{"rendered":"Opportunit\u00e0 culturali e premi"},"content":{"rendered":"<p style=\"text-align: justify;\"><img loading=\"lazy\" decoding=\"async\" class=\"img-fluid wp-image-21062 size-full\" src=\"https:\/\/iicbuenosaires.esteri.it\/wp-content\/uploads\/2026\/02\/LOGO-UNIBO.jpg\" alt=\"\" width=\"181\" height=\"147\" \/><\/p>\n<p style=\"text-align: justify;\">Novit\u00e0 dell\u2019Alma Mater\u00a0Studiorum\u00a0\u2013 Universit\u00e0 di Bologna<\/p>\n<p>Dell\u2019IIC desideriamo portare alla Vostra attenzione alcune iniziative di orientamento che l\u2019Universit\u00e0 di Bologna sta organizzando in modalit\u00e0 online, rivolte a futuri studenti e studentesse internazionali.<\/p>\n<p>La prima iniziativa \u00e8 la\u00a0<strong>Virtual Fair \u2013\u00a0Bachelor\u2019s\u00a0Programmes<\/strong>, che si terr\u00e0 il\u00a0<strong>24 febbraio 2026<\/strong>, dalle\u00a0<strong>9.30 alle 17.00 (CET)<\/strong>. L\u2019evento \u00e8 dedicato a coloro che intendono iscriversi a un corso di\u00a0<strong>Laurea<\/strong>\u00a0o\u00a0<strong>Laurea Magistrale a ciclo unico<\/strong>:<br \/>\n<a href=\"https:\/\/open.unibo.it\/events\/virtual-fair-bachelors-programmes\">https:\/\/open.unibo.it\/events\/virtual-fair-bachelors-programmes<\/a><\/p>\n<p>La seconda iniziativa \u00e8 la\u00a0<strong>Virtual Fair \u2013\u00a0Master\u2019s\u00a0Programmes<\/strong>, prevista per il\u00a0<strong>25 febbraio 2026<\/strong>, dalle\u00a0<strong>10.00 alle 17.00 (CET)<\/strong>, ed \u00e8 rivolta a studenti interessati a proseguire il proprio percorso accademico con una\u00a0<strong>Laurea Magistrale<\/strong>:<br \/>\n<a href=\"https:\/\/open.unibo.it\/events\/virtual-fair-masters-programmes\">https:\/\/open.unibo.it\/events\/virtual-fair-masters-programmes<\/a><\/p>\n<p>Nel corso delle due giornate, i partecipanti potranno ricevere informazioni dettagliate sui corsi di studio, sulle modalit\u00e0 di accesso e di immatricolazione, sulle borse di studio disponibili e sui servizi offerti dall\u2019Ateneo. Sar\u00e0 inoltre possibile dialogare\u00a0direttamente\u00a0con docenti e studenti internazionali dell\u2019Alma Mater.\u00a0La partecipazione \u00e8 gratuita, previa registrazione. Le lingue di svolgimento degli eventi saranno l\u2019italiano e l\u2019inglese.\u00a0In allegato le brochure\u00a0dei due eventi.<\/p>\n<p>L\u2019Universit\u00e0 di Bologna \u00e8 da sempre impegnata nella promozione della propria dimensione internazionale, nella convinzione che essa rappresenti un valore fondamentale di arricchimento interculturale per l\u2019intera comunit\u00e0 accademica.<\/p>\n<p>Per ulteriori informazioni:<br \/>\n<strong>IRSS \u2013 International Relations Strategy Support Unit<\/strong><br \/>\n<a href=\"mailto:irss@unibo.it\">irss@unibo.it<\/a>\u00a0| +39 051 209 9965<\/p>\n<hr \/>\n<p style=\"text-align: center;\"><strong>Giubileo delle Bande Musicali e della Musica Popolare<\/strong><\/p>\n<p style=\"text-align: center;\"><strong>(10-11 maggio 2025)<\/strong><\/p>\n<p>Nell\u2019ambito dell\u2019Anno Santo 2025, che vedr\u00e0 milioni di pellegrini giungere a Roma, si terr\u00e0 il <strong>Giubileo delle Bande Musicali e della Musica Popolare<\/strong>, un evento speciale che celebra la tradizione musicale folkloristica e amatoriale.<\/p>\n<p>L\u2019iniziativa, fortemente voluta dal <strong>Tavolo Nazionale e Internazionale per la Promozione della Musica Popolare e Amatoriale<\/strong>, si svolger\u00e0 nelle giornate del <strong>10 e 11 maggio 2025<\/strong>, con esibizioni di bande musicali nelle piazze romane, oltre ai consueti appuntamenti religiosi.<\/p>\n<p>Papa Francesco ha pi\u00f9 volte sottolineato l\u2019importanza della musica come strumento di armonia sociale e di espressione personale, sottolineando il suo ruolo nel rafforzare i legami tra le persone. Per questo motivo, l\u2019evento si rivolge in particolare a bande e complessi musicali di <strong>italo-discendenti<\/strong> e a gruppi che rappresentano la tradizione musicale italiana e dei rispettivi Paesi di accreditamento.<\/p>\n<p>Le iscrizioni resteranno aperte fino al <strong>9 marzo 2025<\/strong>, e per maggiori dettagli \u00e8 possibile consultare il sito ufficiale del Giubileo:<br \/>\n\ud83d\udd17 <a href=\"https:\/\/www.iubilaeum2025.va\/it\/pellegrinaggio\/calendario-giubileo\/GrandiEventi\/Giubileo-delle-Bande-Musicali.html\">Giubileo delle Bande e della Musica Popolare<\/a><\/p>\n<p>Si segnala che tutti gli aspetti logistici e organizzativi dovranno essere gestiti autonomamente dai partecipanti.<\/p>\n<hr \/>\n<p>&nbsp;<\/p>\n<p style=\"text-align: center;\"><strong>Aperta la convocatoria per partecipare alla nuova edizione della Residenza per Scrittori del Malba &#8211; REM<\/strong><\/p>\n<p>L\u2019<strong>Istituto Italiano di Cultura di Buenos Aires<\/strong>, insieme al <strong>Malba, Museo de Arte Latinoamericana di Buenos Aires<\/strong> annunciano l\u2019apertura della convocatoria 2024 per la Residenza per Scrittori Malba (REM). La REM offre un\u2019esperienza urbana che permette di entrare in contatto con diverse manifestazioni culturali della citt\u00e0. Presenta anche un\u2019agenda di attivit\u00e0 ed eventi che si svolgono ogni anno con l\u2019obiettivo di promuovere la creazione di reti tra autori, editori locali e scrittori ospiti e di incoraggiare la collaborazione artistica.<\/p>\n<p><strong>Il bando sar\u00e0 aperto fino al 18 dicembre 20224 sulla pagina web della REM. <\/strong><\/p>\n<p>Per conoscere i requistiti, fare domanda e partecipare alla convocatoria: <a href=\"https:\/\/rem.malba.org.ar\/aplicar\/\">https:\/\/rem.malba.org.ar\/aplicar\/<\/a><\/p>\n<p><a href=\"https:\/\/iicbuenosaires.esteri.it\/wp-content\/uploads\/2024\/11\/pres_ital-corretto-def._compressed.pdf\">Pi\u00f9 informazioni<\/a><\/p>\n<p>La Residenza per Scrittori del Malba (REM) \u00e8 rivolta a scrittori stranieri che vogliano ampliare il proprio profilo artistico e professionale, vivendo cinque settimane nella Citt\u00e0 di Buenos Aires. Le residenze avranno luogo nei mesi di aprile, giugno, agosto, settembre e novembre 2025.<\/p>\n<p>Questo progetto di collaborazione permetter\u00e0 ad uno scrittore\/scrittrice italiano di accedere ad una borsa di studio esclusiva e contribuir\u00e0 alla realizzazione di uno degli obiettivi principali della Residenza per Scrittori del Malba: la consolidazione dei legami culturali tra le nazioni.<\/p>\n<hr \/>\n<ul>\n<li class=\"entry-title h3\">\n<h6><a href=\"https:\/\/iicbuenosaires.esteri.it\/it\/news\/dall_istituto\/2024\/05\/millumino-dimmenso-premio-internazionale-di-traduzione-di-poesia-dallitaliano-allo-spagnolo\/\">M\u2019ILLUMINO \/ D\u2019IMMENSO &#8211; Premio Internazionale di Traduzione di Poesia<\/a><\/h6>\n<h6>scaduto il 20 agosto 2024<\/h6>\n<\/li>\n<\/ul>\n","protected":false},"excerpt":{"rendered":"Novit\u00e0 dell\u2019Alma Mater\u00a0Studiorum\u00a0\u2013 Universit\u00e0 di Bologna Dell\u2019IIC desideriamo portare alla Vostra attenzione alcune iniziative di orientamento che l\u2019Universit\u00e0 di Bologna sta organizzando in modalit\u00e0 online, rivolte a futuri studenti e studentesse internazionali. La prima iniziativa \u00e8 la\u00a0Virtual Fair \u2013\u00a0Bachelor\u2019s\u00a0Programmes, che si terr\u00e0 il\u00a024 febbraio 2026, dalle\u00a09.30 alle 17.00 (CET). L\u2019evento \u00e8 dedicato a coloro che [&hellip;]","protected":false},"author":3,"featured_media":0,"parent":25,"menu_order":0,"comment_status":"closed","ping_status":"closed","template":"","meta":{"footnotes":""},"class_list":["post-4695","page","type-page","status-publish","hentry"],"_links":{"self":[{"href":"https:\/\/iicbuenosaires.esteri.it\/it\/wp-json\/wp\/v2\/pages\/4695","targetHints":{"allow":["GET"]}}],"collection":[{"href":"https:\/\/iicbuenosaires.esteri.it\/it\/wp-json\/wp\/v2\/pages"}],"about":[{"href":"https:\/\/iicbuenosaires.esteri.it\/it\/wp-json\/wp\/v2\/types\/page"}],"author":[{"embeddable":true,"href":"https:\/\/iicbuenosaires.esteri.it\/it\/wp-json\/wp\/v2\/users\/3"}],"replies":[{"embeddable":true,"href":"https:\/\/iicbuenosaires.esteri.it\/it\/wp-json\/wp\/v2\/comments?post=4695"}],"version-history":[{"count":6,"href":"https:\/\/iicbuenosaires.esteri.it\/it\/wp-json\/wp\/v2\/pages\/4695\/revisions"}],"predecessor-version":[{"id":21101,"href":"https:\/\/iicbuenosaires.esteri.it\/it\/wp-json\/wp\/v2\/pages\/4695\/revisions\/21101"}],"up":[{"embeddable":true,"href":"https:\/\/iicbuenosaires.esteri.it\/it\/wp-json\/wp\/v2\/pages\/25"}],"wp:attachment":[{"href":"https:\/\/iicbuenosaires.esteri.it\/it\/wp-json\/wp\/v2\/media?parent=4695"}],"curies":[{"name":"wp","href":"https:\/\/api.w.org\/{rel}","templated":true}]}}

Opportunità culturali e premi

<p style="text-align: justify;"><img loading="lazy" decoding="async" class="img-fluid wp-image-21062 size-full" src="https://iicbuenosaires.esteri.it/wp-content/uploads/2026/02/LOGO-UNIBO.jpg" alt="" width="181" height="147" /></p>
<p style="text-align: justify;">Novità dell’Alma Mater Studiorum – Università di Bologna</p>
<p>Dell’IIC desideriamo portare alla Vostra attenzione alcune iniziative di orientamento che l’Università di Bologna sta organizzando in modalità online, rivolte a futuri studenti e studentesse internazionali.</p>
<p>La prima iniziativa è la <strong>Virtual Fair – Bachelor’s Programmes</strong>, che si terrà il <strong>24 febbraio 2026</strong>, dalle <strong>9.30 alle 17.00 (CET)</strong>. L’evento è dedicato a coloro che intendono iscriversi a un corso di <strong>Laurea</strong> o <strong>Laurea Magistrale a ciclo unico</strong>:<br />
<a href="https://open.unibo.it/events/virtual-fair-bachelors-programmes">https://open.unibo.it/events/virtual-fair-bachelors-programmes</a></p>
<p>La seconda iniziativa è la <strong>Virtual Fair – Master’s Programmes</strong>, prevista per il <strong>25 febbraio 2026</strong>, dalle <strong>10.00 alle 17.00 (CET)</strong>, ed è rivolta a studenti interessati a proseguire il proprio percorso accademico con una <strong>Laurea Magistrale</strong>:<br />
<a href="https://open.unibo.it/events/virtual-fair-masters-programmes">https://open.unibo.it/events/virtual-fair-masters-programmes</a></p>
<p>Nel corso delle due giornate, i partecipanti potranno ricevere informazioni dettagliate sui corsi di studio, sulle modalità di accesso e di immatricolazione, sulle borse di studio disponibili e sui servizi offerti dall’Ateneo. Sarà inoltre possibile dialogare direttamente con docenti e studenti internazionali dell’Alma Mater. La partecipazione è gratuita, previa registrazione. Le lingue di svolgimento degli eventi saranno l’italiano e l’inglese. In allegato le brochure dei due eventi.</p>
<p>L’Università di Bologna è da sempre impegnata nella promozione della propria dimensione internazionale, nella convinzione che essa rappresenti un valore fondamentale di arricchimento interculturale per l’intera comunità accademica.</p>
<p>Per ulteriori informazioni:<br />
<strong>IRSS – International Relations Strategy Support Unit</strong><br />
<a href="mailto:irss@unibo.it">irss@unibo.it</a> | +39 051 209 9965</p>
<hr />
<p style="text-align: center;"><strong>Giubileo delle Bande Musicali e della Musica Popolare</strong></p>
<p style="text-align: center;"><strong>(10-11 maggio 2025)</strong></p>
<p>Nell’ambito dell’Anno Santo 2025, che vedrà milioni di pellegrini giungere a Roma, si terrà il <strong>Giubileo delle Bande Musicali e della Musica Popolare</strong>, un evento speciale che celebra la tradizione musicale folkloristica e amatoriale.</p>
<p>L’iniziativa, fortemente voluta dal <strong>Tavolo Nazionale e Internazionale per la Promozione della Musica Popolare e Amatoriale</strong>, si svolgerà nelle giornate del <strong>10 e 11 maggio 2025</strong>, con esibizioni di bande musicali nelle piazze romane, oltre ai consueti appuntamenti religiosi.</p>
<p>Papa Francesco ha più volte sottolineato l’importanza della musica come strumento di armonia sociale e di espressione personale, sottolineando il suo ruolo nel rafforzare i legami tra le persone. Per questo motivo, l’evento si rivolge in particolare a bande e complessi musicali di <strong>italo-discendenti</strong> e a gruppi che rappresentano la tradizione musicale italiana e dei rispettivi Paesi di accreditamento.</p>
<p>Le iscrizioni resteranno aperte fino al <strong>9 marzo 2025</strong>, e per maggiori dettagli è possibile consultare il sito ufficiale del Giubileo:<br />
🔗 <a href="https://www.iubilaeum2025.va/it/pellegrinaggio/calendario-giubileo/GrandiEventi/Giubileo-delle-Bande-Musicali.html">Giubileo delle Bande e della Musica Popolare</a></p>
<p>Si segnala che tutti gli aspetti logistici e organizzativi dovranno essere gestiti autonomamente dai partecipanti.</p>
<hr />
<p>&nbsp;</p>
<p style="text-align: center;"><strong>Aperta la convocatoria per partecipare alla nuova edizione della Residenza per Scrittori del Malba &#8211; REM</strong></p>
<p>L’<strong>Istituto Italiano di Cultura di Buenos Aires</strong>, insieme al <strong>Malba, Museo de Arte Latinoamericana di Buenos Aires</strong> annunciano l’apertura della convocatoria 2024 per la Residenza per Scrittori Malba (REM). La REM offre un’esperienza urbana che permette di entrare in contatto con diverse manifestazioni culturali della città. Presenta anche un’agenda di attività ed eventi che si svolgono ogni anno con l’obiettivo di promuovere la creazione di reti tra autori, editori locali e scrittori ospiti e di incoraggiare la collaborazione artistica.</p>
<p><strong>Il bando sarà aperto fino al 18 dicembre 20224 sulla pagina web della REM. </strong></p>
<p>Per conoscere i requistiti, fare domanda e partecipare alla convocatoria: <a href="https://rem.malba.org.ar/aplicar/">https://rem.malba.org.ar/aplicar/</a></p>
<p><a href="https://iicbuenosaires.esteri.it/wp-content/uploads/2024/11/pres_ital-corretto-def._compressed.pdf">Più informazioni</a></p>
<p>La Residenza per Scrittori del Malba (REM) è rivolta a scrittori stranieri che vogliano ampliare il proprio profilo artistico e professionale, vivendo cinque settimane nella Città di Buenos Aires. Le residenze avranno luogo nei mesi di aprile, giugno, agosto, settembre e novembre 2025.</p>
<p>Questo progetto di collaborazione permetterà ad uno scrittore/scrittrice italiano di accedere ad una borsa di studio esclusiva e contribuirà alla realizzazione di uno degli obiettivi principali della Residenza per Scrittori del Malba: la consolidazione dei legami culturali tra le nazioni.</p>
<hr />
<ul>
<li class="entry-title h3">
<h6><a href="https://iicbuenosaires.esteri.it/it/news/dall_istituto/2024/05/millumino-dimmenso-premio-internazionale-di-traduzione-di-poesia-dallitaliano-allo-spagnolo/">M’ILLUMINO / D’IMMENSO &#8211; Premio Internazionale di Traduzione di Poesia</a></h6>
<h6>scaduto il 20 agosto 2024</h6>
</li>
</ul>

Novità dell’Alma Mater Studiorum – Università di Bologna Dell’IIC desideriamo portare alla Vostra attenzione alcune iniziative di orientamento che l’Università di Bologna sta organizzando in modalità online, rivolte a futuri studenti e studentesse internazionali. La prima iniziativa è la Virtual Fair – Bachelor’s Programmes, che si terrà il 24 febbraio 2026, dalle 9.30 alle 17.00 (CET). L’evento è dedicato a coloro che [&hellip;]
